CRAN Package Check Results for Package fdaPOIFD

Last updated on 2024-06-17 17:57:06 CEST.

Flavor Version Tinstall Tcheck Ttotal Status Flags
r-devel-linux-x86_64-debian-clang 1.0.3 7.74 76.86 84.60 OK
r-devel-linux-x86_64-debian-gcc 1.0.3 4.78 55.46 60.24 OK
r-devel-linux-x86_64-fedora-clang 1.0.3 105.45 NOTE
r-devel-linux-x86_64-fedora-gcc 1.0.3 110.81 NOTE
r-devel-windows-x86_64 1.0.3 7.00 71.00 78.00 OK
r-patched-linux-x86_64 1.0.3 3.89 71.06 74.95 OK
r-release-linux-x86_64 1.0.3 4.39 70.07 74.46 OK
r-release-macos-arm64 1.0.3 37.00 OK
r-release-macos-x86_64 1.0.3 62.00 OK
r-release-windows-x86_64 1.0.3 7.00 76.00 83.00 OK
r-oldrel-macos-arm64 1.0.3 38.00 OK
r-oldrel-macos-x86_64 1.0.3 57.00 OK
r-oldrel-windows-x86_64 1.0.3 10.00 87.00 97.00 OK

Check Details

Version: 1.0.3
Check: dependencies in R code
Result: NOTE Namespaces in Imports field not imported from: ‘FastGP’ ‘MASS’ ‘fdapace’ All declared Imports should be used. Flavors: r-devel-linux-x86_64-fedora-clang, r-devel-linux-x86_64-fedora-gcc