CRAN Package Check Results for Package fastpos

Last updated on 2024-06-14 05:58:22 CEST.

Flavor Version Tinstall Tcheck Ttotal Status Flags
r-devel-linux-x86_64-debian-clang 0.5.1 38.94 81.03 119.97 NOTE
r-devel-linux-x86_64-debian-gcc 0.5.1 0.36 1.54 1.90 ERROR
r-devel-linux-x86_64-fedora-clang 0.5.1 164.79 NOTE
r-devel-linux-x86_64-fedora-gcc 0.5.1 158.88 NOTE
r-devel-windows-x86_64 0.5.1 30.00 99.00 129.00 NOTE
r-patched-linux-x86_64 0.5.1 29.07 85.12 114.19 NOTE
r-release-linux-x86_64 0.5.1 28.03 81.17 109.20 NOTE
r-release-macos-arm64 0.5.1 41.00 NOTE
r-release-macos-x86_64 0.5.1 62.00 NOTE
r-release-windows-x86_64 0.5.1 29.00 105.00 134.00 NOTE
r-oldrel-macos-arm64 0.5.1 46.00 NOTE
r-oldrel-macos-x86_64 0.5.1 72.00 NOTE
r-oldrel-windows-x86_64 0.5.1 37.00 123.00 160.00 NOTE

Check Details

Version: 0.5.1
Check: C++ specification
Result: NOTE Specified C++11: please drop specification unless essential Flavors: r-devel-linux-x86_64-debian-clang, r-devel-linux-x86_64-fedora-clang, r-devel-linux-x86_64-fedora-gcc, r-devel-windows-x86_64, r-patched-linux-x86_64, r-release-linux-x86_64, r-release-macos-arm64, r-release-macos-x86_64, r-release-windows-x86_64, r-oldrel-macos-arm64, r-oldrel-macos-x86_64, r-oldrel-windows-x86_64

Version: 0.5.1
Check: package dependencies
Result: ERROR Package required but not available: ‘tibble’ Package suggested but not available for checking: ‘testthat’ See section ‘The DESCRIPTION file’ in the ‘Writing R Extensions’ manual. Flavor: r-devel-linux-x86_64-debian-gcc