CRAN Package Check Results for Package fastkmedoids

Last updated on 2024-07-13 06:49:37 CEST.

Flavor Version Tinstall Tcheck Ttotal Status Flags
r-devel-linux-x86_64-debian-clang 1.2 23.79 28.22 52.01 NOTE
r-devel-linux-x86_64-debian-gcc 1.2 17.87 21.62 39.49 NOTE
r-devel-linux-x86_64-fedora-clang 1.2 75.51 NOTE
r-devel-linux-x86_64-fedora-gcc 1.2 76.13 NOTE
r-devel-windows-x86_64 1.2 20.00 64.00 84.00 NOTE
r-patched-linux-x86_64 1.2 21.20 25.94 47.14 NOTE
r-release-linux-x86_64 1.2 21.86 26.98 48.84 NOTE
r-release-macos-arm64 1.2 21.00 NOTE
r-release-macos-x86_64 1.2 38.00 NOTE
r-release-windows-x86_64 1.2 21.00 64.00 85.00 NOTE
r-oldrel-macos-arm64 1.2 23.00 NOTE
r-oldrel-macos-x86_64 1.2 37.00 NOTE
r-oldrel-windows-x86_64 1.2 21.00 70.00 91.00 NOTE

Check Details

Version: 1.2
Check: C++ specification
Result: NOTE Specified C++11: please drop specification unless essential Flavors: r-devel-linux-x86_64-debian-clang, r-devel-linux-x86_64-debian-gcc, r-devel-linux-x86_64-fedora-clang, r-devel-linux-x86_64-fedora-gcc, r-devel-windows-x86_64, r-patched-linux-x86_64, r-release-linux-x86_64, r-release-macos-arm64, r-release-macos-x86_64, r-release-windows-x86_64, r-oldrel-macos-arm64, r-oldrel-macos-x86_64, r-oldrel-windows-x86_64