CRAN Package Check Results for Package fastglmpca

Last updated on 2024-06-13 05:59:04 CEST.

Flavor Version Tinstall Tcheck Ttotal Status Flags
r-devel-linux-x86_64-debian-clang 0.1-103 92.86 263.17 356.03 NOTE
r-devel-linux-x86_64-debian-gcc 0.1-103 71.40 121.66 193.06 ERROR
r-devel-linux-x86_64-fedora-clang 0.1-103 493.30 NOTE
r-devel-linux-x86_64-fedora-gcc 0.1-103 468.82 NOTE
r-devel-windows-x86_64 0.1-103 81.00 195.00 276.00 NOTE
r-patched-linux-x86_64 0.1-103 85.08 247.73 332.81 NOTE
r-release-linux-x86_64 0.1-103 81.32 244.01 325.33 NOTE
r-release-macos-arm64 0.1-103 118.00 NOTE
r-release-macos-x86_64 0.1-103 173.00 NOTE
r-release-windows-x86_64 0.1-103 81.00 201.00 282.00 NOTE
r-oldrel-macos-arm64 0.1-103 126.00 NOTE
r-oldrel-macos-x86_64 0.1-103 309.00 NOTE
r-oldrel-windows-x86_64 0.1-103 101.00 294.00 395.00 NOTE

Check Details

Version: 0.1-103
Check: for GNU extensions in Makefiles
Result: NOTE GNU make is a SystemRequirements. Flavors: r-devel-linux-x86_64-debian-clang, r-devel-linux-x86_64-debian-gcc, r-devel-linux-x86_64-fedora-clang, r-devel-linux-x86_64-fedora-gcc, r-devel-windows-x86_64, r-patched-linux-x86_64, r-release-linux-x86_64, r-release-macos-arm64, r-release-macos-x86_64, r-release-windows-x86_64, r-oldrel-macos-arm64, r-oldrel-macos-x86_64, r-oldrel-windows-x86_64

Version: 0.1-103
Check: package dependencies
Result: NOTE Packages suggested but not available for checking: 'testthat', 'ggplot2', 'cowplot' Flavor: r-devel-linux-x86_64-debian-gcc

Version: 0.1-103
Check: tests
Result: ERROR Running ‘testthat.R’ [0s/1s] Running the tests in ‘tests/testthat.R’ failed. Complete output: > library(testthat) Error in library(testthat) : there is no package called 'testthat' Execution halted Flavor: r-devel-linux-x86_64-debian-gcc

Version: 0.1-103
Check: re-building of vignette outputs
Result: ERROR Error(s) in re-building vignettes: ... --- re-building ‘intro_fastglmpca.Rmd’ using rmarkdown Quitting from lines 30-34 [load-pkgs] (intro_fastglmpca.Rmd) Error: processing vignette 'intro_fastglmpca.Rmd' failed with diagnostics: there is no package called 'ggplot2' --- failed re-building ‘intro_fastglmpca.Rmd’ SUMMARY: processing the following file failed: ‘intro_fastglmpca.Rmd’ Error: Vignette re-building failed. Execution halted Flavor: r-devel-linux-x86_64-debian-gcc

Version: 0.1-103
Check: installed package size
Result: NOTE installed size is 5.7Mb sub-directories of 1Mb or more: data 3.5Mb doc 1.1Mb libs 1.0Mb Flavors: r-devel-windows-x86_64, r-release-macos-arm64, r-release-macos-x86_64, r-release-windows-x86_64, r-oldrel-macos-arm64, r-oldrel-macos-x86_64, r-oldrel-windows-x86_64