CRAN Package Check Results for Package fastcmh

Last updated on 2024-06-14 05:58:22 CEST.

Flavor Version Tinstall Tcheck Ttotal Status Flags
r-devel-linux-x86_64-debian-clang 0.2.7 49.03 35.14 84.17 NOTE
r-devel-linux-x86_64-debian-gcc 0.2.7 25.56 26.31 51.87 ERROR
r-devel-linux-x86_64-fedora-clang 0.2.7 121.55 NOTE
r-devel-linux-x86_64-fedora-gcc 0.2.7 109.40 NOTE
r-devel-windows-x86_64 0.2.7 35.00 73.00 108.00 NOTE
r-patched-linux-x86_64 0.2.7 37.95 33.96 71.91 NOTE
r-release-linux-x86_64 0.2.7 40.38 35.28 75.66 NOTE
r-release-macos-arm64 0.2.7 28.00 NOTE
r-release-macos-x86_64 0.2.7 39.00 NOTE
r-release-windows-x86_64 0.2.7 37.00 78.00 115.00 NOTE
r-oldrel-macos-arm64 0.2.7 33.00 NOTE
r-oldrel-macos-x86_64 0.2.7 49.00 NOTE
r-oldrel-windows-x86_64 0.2.7 42.00 81.00 123.00 NOTE

Check Details

Version: 0.2.7
Check: C++ specification
Result: NOTE Specified C++11: please drop specification unless essential Flavors: r-devel-linux-x86_64-debian-clang, r-devel-linux-x86_64-debian-gcc, r-devel-linux-x86_64-fedora-clang, r-devel-linux-x86_64-fedora-gcc, r-devel-windows-x86_64, r-patched-linux-x86_64, r-release-linux-x86_64, r-release-macos-arm64, r-release-macos-x86_64, r-release-windows-x86_64, r-oldrel-macos-arm64, r-oldrel-macos-x86_64, r-oldrel-windows-x86_64

Version: 0.2.7
Check: package dependencies
Result: NOTE Package suggested but not available for checking: ‘testthat’ Flavor: r-devel-linux-x86_64-debian-gcc

Version: 0.2.7
Check: tests
Result: ERROR Running ‘testthat.R’ [0s/1s] Running the tests in ‘tests/testthat.R’ failed. Complete output: > library(testthat) Error in library(testthat) : there is no package called 'testthat' Execution halted Flavor: r-devel-linux-x86_64-debian-gcc

Version: 0.2.7
Check: compiled code
Result: NOTE File ‘fastcmh/libs/fastcmh.so’: Found no calls to: ‘R_registerRoutines’, ‘R_useDynamicSymbols’ It is good practice to register native routines and to disable symbol search. See ‘Writing portable packages’ in the ‘Writing R Extensions’ manual. Flavors: r-devel-linux-x86_64-fedora-clang, r-devel-linux-x86_64-fedora-gcc