CRAN Package Check Results for Package fastGLCM

Last updated on 2024-07-24 06:57:14 CEST.

Flavor Version Tinstall Tcheck Ttotal Status Flags
r-devel-linux-x86_64-debian-clang 1.0.2 41.93 55.36 97.29 NOTE
r-devel-linux-x86_64-debian-gcc 1.0.2 29.28 44.19 73.47 NOTE
r-devel-linux-x86_64-fedora-clang 1.0.2 144.58 NOTE
r-devel-linux-x86_64-fedora-gcc 1.0.2 154.01 NOTE
r-devel-windows-x86_64 1.0.2 36.00 96.00 132.00 NOTE
r-patched-linux-x86_64 1.0.2 37.56 57.07 94.63 NOTE
r-release-linux-x86_64 1.0.2 37.41 57.32 94.73 NOTE
r-release-macos-arm64 1.0.2 45.00 NOTE
r-release-macos-x86_64 1.0.2 69.00 NOTE
r-release-windows-x86_64 1.0.2 41.00 105.00 146.00 NOTE
r-oldrel-macos-arm64 1.0.2 51.00 NOTE
r-oldrel-macos-x86_64 1.0.2 79.00 NOTE
r-oldrel-windows-x86_64 1.0.2 47.00 106.00 153.00 NOTE

Check Details

Version: 1.0.2
Check: C++ specification
Result: NOTE Specified C++11: please drop specification unless essential Flavors: r-devel-linux-x86_64-debian-clang, r-devel-linux-x86_64-debian-gcc, r-devel-linux-x86_64-fedora-clang, r-devel-linux-x86_64-fedora-gcc, r-devel-windows-x86_64, r-patched-linux-x86_64, r-release-linux-x86_64, r-release-macos-arm64, r-release-macos-x86_64, r-release-windows-x86_64, r-oldrel-macos-arm64, r-oldrel-macos-x86_64, r-oldrel-windows-x86_64

Version: 1.0.2
Check: installed package size
Result: NOTE installed size is 5.6Mb sub-directories of 1Mb or more: images 3.1Mb libs 1.3Mb Flavors: r-devel-windows-x86_64, r-release-macos-arm64, r-release-macos-x86_64, r-release-windows-x86_64, r-oldrel-macos-arm64, r-oldrel-macos-x86_64, r-oldrel-windows-x86_64