CRAN Package Check Results for Package faraway

Last updated on 2024-06-14 05:58:22 CEST.

Flavor Version Tinstall Tcheck Ttotal Status Flags
r-devel-linux-x86_64-debian-clang 1.0.8 11.12 94.60 105.72 OK
r-devel-linux-x86_64-debian-gcc 1.0.8 0.45 1.54 1.99 ERROR
r-devel-linux-x86_64-fedora-clang 1.0.8 130.66 OK
r-devel-linux-x86_64-fedora-gcc 1.0.8 121.17 OK
r-devel-windows-x86_64 1.0.8 11.00 110.00 121.00 OK
r-patched-linux-x86_64 1.0.8 9.58 90.91 100.49 OK
r-release-linux-x86_64 1.0.8 7.47 92.58 100.05 OK
r-release-macos-arm64 1.0.8 35.00 OK
r-release-macos-x86_64 1.0.8 72.00 OK
r-release-windows-x86_64 1.0.8 11.00 109.00 120.00 OK
r-oldrel-macos-arm64 1.0.8 44.00 OK
r-oldrel-macos-x86_64 1.0.8 66.00 OK
r-oldrel-windows-x86_64 1.0.8 16.00 129.00 145.00 OK

Check Details

Version: 1.0.8
Check: package dependencies
Result: ERROR Package required but not available: ‘lme4’ See section ‘The DESCRIPTION file’ in the ‘Writing R Extensions’ manual. Flavor: r-devel-linux-x86_64-debian-gcc