CRAN Package Check Results for Package factoextra

Last updated on 2024-06-12 05:57:08 CEST.

Flavor Version Tinstall Tcheck Ttotal Status Flags
r-devel-linux-x86_64-debian-clang 1.0.7 13.31 119.75 133.06 NOTE
r-devel-linux-x86_64-debian-gcc 1.0.7 8.02 87.57 95.59 NOTE
r-devel-linux-x86_64-fedora-clang 1.0.7 161.74 NOTE
r-devel-linux-x86_64-fedora-gcc 1.0.7 152.40 NOTE
r-devel-windows-x86_64 1.0.7 11.00 105.00 116.00 NOTE
r-patched-linux-x86_64 1.0.7 11.95 114.70 126.65 NOTE
r-release-linux-x86_64 1.0.7 10.44 114.06 124.50 NOTE
r-release-macos-arm64 1.0.7 44.00 NOTE
r-release-macos-x86_64 1.0.7 66.00 NOTE
r-release-windows-x86_64 1.0.7 11.00 113.00 124.00 NOTE
r-oldrel-macos-arm64 1.0.7 50.00 OK
r-oldrel-macos-x86_64 1.0.7 73.00 OK
r-oldrel-windows-x86_64 1.0.7 14.00 132.00 146.00 OK

Check Details

Version: 1.0.7
Check: Rd files
Result: NOTE checkRd: (-1) fviz_nbclust.Rd:75: Lost braces; missing escapes or markup? 75 | (2001) proposed: "the smallest k such that gap(k) >= gap(k+1) - s_{k+1}". | ^ checkRd: (-1) fviz_nbclust.Rd:77: Lost braces; missing escapes or markup? 77 | SE.factor*s_{k+1}" where SE.factor is a numeric value which can be 1 | ^ Flavors: r-devel-linux-x86_64-debian-clang, r-devel-linux-x86_64-debian-gcc, r-devel-linux-x86_64-fedora-clang, r-devel-linux-x86_64-fedora-gcc, r-devel-windows-x86_64, r-patched-linux-x86_64, r-release-linux-x86_64, r-release-macos-arm64, r-release-macos-x86_64, r-release-windows-x86_64