CRAN Package Check Results for Package exuber

Last updated on 2024-07-20 18:57:30 CEST.

Flavor Version Tinstall Tcheck Ttotal Status Flags
r-devel-linux-x86_64-debian-clang 1.0.2 32.53 200.30 232.83 NOTE
r-devel-linux-x86_64-debian-gcc 1.0.2 23.15 153.32 176.47 NOTE
r-devel-linux-x86_64-fedora-clang 1.0.2 318.03 NOTE
r-devel-linux-x86_64-fedora-gcc 1.0.2 327.85 NOTE
r-devel-windows-x86_64 1.0.2 34.00 173.00 207.00 NOTE
r-patched-linux-x86_64 1.0.2 42.73 191.38 234.11 NOTE
r-release-linux-x86_64 1.0.2 28.54 194.28 222.82 NOTE
r-release-macos-arm64 1.0.2 88.00 NOTE
r-release-macos-x86_64 1.0.2 141.00 NOTE
r-release-windows-x86_64 1.0.2 37.00 172.00 209.00 NOTE
r-oldrel-macos-arm64 1.0.2 101.00 NOTE
r-oldrel-macos-x86_64 1.0.2 160.00 NOTE
r-oldrel-windows-x86_64 1.0.2 46.00 213.00 259.00 NOTE

Check Details

Version: 1.0.2
Check: package dependencies
Result: NOTE Package suggested but not available for checking: ‘exuberdata’ Flavors: r-devel-linux-x86_64-debian-clang, r-devel-linux-x86_64-debian-gcc, r-devel-linux-x86_64-fedora-clang, r-devel-linux-x86_64-fedora-gcc, r-devel-windows-x86_64, r-patched-linux-x86_64, r-release-linux-x86_64, r-release-macos-arm64, r-release-macos-x86_64, r-release-windows-x86_64, r-oldrel-macos-arm64, r-oldrel-macos-x86_64, r-oldrel-windows-x86_64

Version: 1.0.2
Check: Rd cross-references
Result: NOTE Found the following Rd file(s) with Rd \link{} targets missing package anchors: autoplot.ds_radf.Rd: ggplot2 Please provide package anchors for all Rd \link{} targets not in the package itself and the base packages. Flavor: r-devel-windows-x86_64