CRAN Package Check Results for Package extraoperators

Last updated on 2024-06-13 05:59:03 CEST.

Flavor Version Tinstall Tcheck Ttotal Status Flags
r-devel-linux-x86_64-debian-clang 0.3.0 2.11 33.01 35.12 OK
r-devel-linux-x86_64-debian-gcc 0.3.0 2.01 23.09 25.10 ERROR
r-devel-linux-x86_64-fedora-clang 0.3.0 46.38 OK
r-devel-linux-x86_64-fedora-gcc 0.3.0 54.52 OK
r-devel-windows-x86_64 0.3.0 3.00 47.00 50.00 OK
r-patched-linux-x86_64 0.3.0 2.27 31.19 33.46 OK
r-release-linux-x86_64 0.3.0 1.63 31.39 33.02 OK
r-release-macos-arm64 0.3.0 23.00 OK
r-release-macos-x86_64 0.3.0 46.00 OK
r-release-windows-x86_64 0.3.0 3.00 48.00 51.00 OK
r-oldrel-macos-arm64 0.3.0 52.00 OK
r-oldrel-macos-x86_64 0.3.0 83.00 OK
r-oldrel-windows-x86_64 0.3.0 3.00 49.00 52.00 OK

Check Details

Version: 0.3.0
Check: package dependencies
Result: NOTE Package suggested but not available for checking: ‘testthat’ Flavor: r-devel-linux-x86_64-debian-gcc

Version: 0.3.0
Check: tests
Result: ERROR Running ‘testthat.R’ [0s/1s] Running the tests in ‘tests/testthat.R’ failed. Complete output: > > library(testthat) Error in library(testthat) : there is no package called 'testthat' Execution halted Flavor: r-devel-linux-x86_64-debian-gcc