CRAN Package Check Results for Package exreport

Last updated on 2024-06-14 05:58:22 CEST.

Flavor Version Tinstall Tcheck Ttotal Status Flags
r-devel-linux-x86_64-debian-clang 0.4.1 9.73 72.04 81.77 OK
r-devel-linux-x86_64-debian-gcc 0.4.1 0.42 1.71 2.13 ERROR
r-devel-linux-x86_64-fedora-clang 0.4.1 99.36 OK
r-devel-linux-x86_64-fedora-gcc 0.4.1 90.63 OK
r-devel-windows-x86_64 0.4.1 8.00 71.00 79.00 OK
r-patched-linux-x86_64 0.4.1 6.69 68.35 75.04 OK
r-release-linux-x86_64 0.4.1 7.03 68.31 75.34 OK
r-release-macos-arm64 0.4.1 27.00 OK
r-release-macos-x86_64 0.4.1 45.00 OK
r-release-windows-x86_64 0.4.1 9.00 71.00 80.00 OK
r-oldrel-macos-arm64 0.4.1 31.00 OK
r-oldrel-macos-x86_64 0.4.1 48.00 OK
r-oldrel-windows-x86_64 0.4.1 10.00 81.00 91.00 OK

Check Details

Version: 0.4.1
Check: package dependencies
Result: ERROR Packages required but not available: 'ggplot2', 'reshape2' See section ‘The DESCRIPTION file’ in the ‘Writing R Extensions’ manual. Flavor: r-devel-linux-x86_64-debian-gcc