CRAN Package Check Results for Package experDesign

Last updated on 2024-06-12 17:57:15 CEST.

Flavor Version Tinstall Tcheck Ttotal Status Flags
r-devel-linux-x86_64-debian-clang 0.4.0 4.02 184.70 188.72 OK
r-devel-linux-x86_64-debian-gcc 0.4.0 2.95 87.77 90.72 ERROR
r-devel-linux-x86_64-fedora-clang 0.4.0 231.06 OK
r-devel-linux-x86_64-fedora-gcc 0.4.0 228.69 OK
r-devel-windows-x86_64 0.4.0 4.00 136.00 140.00 OK
r-patched-linux-x86_64 0.4.0 3.95 174.71 178.66 OK
r-release-linux-x86_64 0.4.0 4.00 175.60 179.60 OK
r-release-macos-arm64 0.4.0 85.00 OK
r-release-macos-x86_64 0.4.0 132.00 OK
r-release-windows-x86_64 0.4.0 4.00 139.00 143.00 OK
r-oldrel-macos-arm64 0.4.0 81.00 OK
r-oldrel-macos-x86_64 0.4.0 213.00 OK
r-oldrel-windows-x86_64 0.4.0 4.00 178.00 182.00 OK

Check Details

Version: 0.4.0
Check: package dependencies
Result: NOTE Package suggested but not available for checking: ‘testthat’ Flavor: r-devel-linux-x86_64-debian-gcc

Version: 0.4.0
Check: tests
Result: ERROR Running ‘spelling.R’ [0s/1s] Running ‘testthat.R’ [0s/1s] Running the tests in ‘tests/testthat.R’ failed. Complete output: > # This file is part of the standard setup for testthat. > # It is recommended that you do not modify it. > # > # Where should you do additional test configuration? > # Learn more about the roles of various files in: > # * https://r-pkgs.org/tests.html > # * https://testthat.r-lib.org/reference/test_package.html#special-files > > library(testthat) Error in library(testthat) : there is no package called 'testthat' Execution halted Flavor: r-devel-linux-x86_64-debian-gcc