CRAN Package Check Results for Package expDB

Last updated on 2024-06-14 05:58:22 CEST.

Flavor Version Tinstall Tcheck Ttotal Status Flags
r-devel-linux-x86_64-debian-clang 0.1.0 6.10 47.21 53.31 OK
r-devel-linux-x86_64-debian-gcc 0.1.0 0.30 1.79 2.09 ERROR
r-devel-linux-x86_64-fedora-clang 0.1.0 68.90 NOTE
r-devel-linux-x86_64-fedora-gcc 0.1.0 63.38 NOTE
r-devel-windows-x86_64 0.1.0 7.00 59.00 66.00 OK
r-patched-linux-x86_64 0.1.0 4.32 45.59 49.91 OK
r-release-linux-x86_64 0.1.0 4.17 45.01 49.18 OK
r-release-macos-arm64 0.1.0 23.00 OK
r-release-macos-x86_64 0.1.0 34.00 OK
r-release-windows-x86_64 0.1.0 7.00 60.00 67.00 OK
r-oldrel-macos-arm64 0.1.0 25.00 OK
r-oldrel-macos-x86_64 0.1.0 38.00 OK
r-oldrel-windows-x86_64 0.1.0 9.00 68.00 77.00 OK

Check Details

Version: 0.1.0
Check: package dependencies
Result: ERROR Packages required but not available: 'RSQLite', 'readxl', 'tibble', 'lubridate', 'dplyr', 'weaana', 'tidyr', 'tidyverse', 'reshape2', 'stringr' Package suggested but not available for checking: ‘testthat’ See section ‘The DESCRIPTION file’ in the ‘Writing R Extensions’ manual. Flavor: r-devel-linux-x86_64-debian-gcc

Version: 0.1.0
Check: dependencies in R code
Result: NOTE Namespace in Imports field not imported from: ‘tidyverse’ All declared Imports should be used. Flavors: r-devel-linux-x86_64-fedora-clang, r-devel-linux-x86_64-fedora-gcc