CRAN Package Check Results for Package excel.link

Last updated on 2024-06-13 05:59:03 CEST.

Flavor Version Tinstall Tcheck Ttotal Status Flags
r-devel-windows-x86_64 0.9.12 22.00 61.00 83.00 OK
r-release-windows-x86_64 0.9.12 23.00 61.00 84.00 OK
r-oldrel-macos-x86_64 0.9.10 7.00 ERROR
r-oldrel-windows-x86_64 0.9.12 24.00 86.00 110.00 OK

Check Details

Version: 0.9.10
Check: PDF version of manual
Result: WARN LaTeX errors when creating PDF version. This typically indicates Rd problems. Flavor: r-oldrel-macos-x86_64

Version: 0.9.10
Check: PDF version of manual without index
Result: ERROR Re-running with no redirection of stdout/stderr. Flavor: r-oldrel-macos-x86_64