CRAN Package Check Results for Package estimators

Last updated on 2024-06-12 17:57:15 CEST.

Flavor Version Tinstall Tcheck Ttotal Status Flags
r-devel-linux-x86_64-debian-clang 0.8.5 13.96 321.58 335.54 OK
r-devel-linux-x86_64-debian-gcc 0.8.5 0.43 1.70 2.13 ERROR
r-devel-linux-x86_64-fedora-clang 0.8.5 413.57 OK
r-devel-linux-x86_64-fedora-gcc 0.8.5 403.58 OK
r-devel-windows-x86_64 0.8.5 14.00 257.00 271.00 OK
r-patched-linux-x86_64 0.8.5 16.78 314.23 331.01 OK
r-release-linux-x86_64 0.8.5 13.94 311.49 325.43 OK
r-release-macos-arm64 0.8.5 123.00 OK
r-release-macos-x86_64 0.8.5 181.00 OK
r-release-windows-x86_64 0.8.5 17.00 268.00 285.00 OK
r-oldrel-macos-arm64 0.8.5 123.00 OK
r-oldrel-macos-x86_64 0.8.5 290.00 OK
r-oldrel-windows-x86_64 0.8.5 21.00 305.00 326.00 OK

Check Details

Version: 0.8.5
Check: package dependencies
Result: ERROR Packages required but not available: 'ggh4x', 'ggplot2', 'progress' Package suggested but not available for checking: ‘testthat’ See section ‘The DESCRIPTION file’ in the ‘Writing R Extensions’ manual. Flavor: r-devel-linux-x86_64-debian-gcc