CRAN Package Check Results for Package esc

Last updated on 2024-06-18 05:57:36 CEST.

Flavor Version Tinstall Tcheck Ttotal Status Flags
r-devel-linux-x86_64-debian-clang 0.5.1 3.17 32.74 35.91 OK
r-devel-linux-x86_64-debian-gcc 0.5.1 2.73 23.96 26.69 OK
r-devel-linux-x86_64-fedora-clang 0.5.1 44.15 NOTE
r-devel-linux-x86_64-fedora-gcc 0.5.1 41.99 OK
r-devel-windows-x86_64 0.5.1 4.00 49.00 53.00 OK
r-patched-linux-x86_64 0.5.1 4.59 29.88 34.47 OK
r-release-linux-x86_64 0.5.1 2.98 30.61 33.59 OK
r-release-macos-arm64 0.5.1 16.00 OK
r-release-macos-x86_64 0.5.1 24.00 OK
r-release-windows-x86_64 0.5.1 4.00 47.00 51.00 OK
r-oldrel-macos-arm64 0.5.1 19.00 OK
r-oldrel-macos-x86_64 0.5.1 23.00 OK
r-oldrel-windows-x86_64 0.5.1 4.00 51.00 55.00 OK

Check Details

Version: 0.5.1
Check: Rd cross-references
Result: NOTE Undeclared package ‘metafor’ in Rd xrefs Flavor: r-devel-linux-x86_64-fedora-clang