CRAN Package Check Results for Package erp.easy

Last updated on 2025-01-22 08:49:11 CET.

Flavor Version Tinstall Tcheck Ttotal Status Flags
r-devel-linux-x86_64-debian-clang 1.1.0 2.90 26.95 29.85 OK
r-devel-linux-x86_64-debian-gcc 1.1.0 2.32 21.13 23.45 OK
r-devel-linux-x86_64-fedora-clang 1.1.0 49.03 NOTE
r-devel-linux-x86_64-fedora-gcc 1.1.0 45.08 NOTE
r-devel-windows-x86_64 1.1.0 4.00 50.00 54.00 OK
r-patched-linux-x86_64 1.1.0 3.11 25.26 28.37 OK
r-release-linux-x86_64 1.1.0 3.06 25.38 28.44 OK
r-release-macos-arm64 1.1.0 18.00 OK
r-release-macos-x86_64 1.1.0 26.00 OK
r-release-windows-x86_64 1.1.0 4.00 49.00 53.00 OK
r-oldrel-macos-arm64 1.1.0 21.00 OK
r-oldrel-macos-x86_64 1.1.0 29.00 OK
r-oldrel-windows-x86_64 1.1.0 5.00 53.00 58.00 OK

Check Details

Version: 1.1.0
Check: dependencies in R code
Result: NOTE Namespace in Imports field not imported from: ‘signal’ All declared Imports should be used. Flavors: r-devel-linux-x86_64-fedora-clang, r-devel-linux-x86_64-fedora-gcc