CRAN Package Check Results for Package equivalence

Last updated on 2024-07-13 18:55:32 CEST.

Flavor Version Tinstall Tcheck Ttotal Status Flags
r-devel-linux-x86_64-debian-clang 0.7.2 8.38 65.19 73.57 NOTE
r-devel-linux-x86_64-debian-gcc 0.7.2 6.35 46.53 52.88 NOTE
r-devel-linux-x86_64-fedora-clang 0.7.2 96.52 NOTE
r-devel-linux-x86_64-fedora-gcc 0.7.2 84.66 NOTE
r-devel-windows-x86_64 0.7.2 15.00 71.00 86.00 NOTE
r-patched-linux-x86_64 0.7.2 12.63 61.42 74.05 NOTE
r-release-linux-x86_64 0.7.2 5.40 60.38 65.78 NOTE
r-release-macos-arm64 0.7.2 32.00 NOTE
r-release-macos-x86_64 0.7.2 45.00 NOTE
r-release-windows-x86_64 0.7.2 12.00 71.00 83.00 NOTE
r-oldrel-macos-arm64 0.7.2 29.00 OK
r-oldrel-macos-x86_64 0.7.2 46.00 OK
r-oldrel-windows-x86_64 0.7.2 15.00 82.00 97.00 OK

Check Details

Version: 0.7.2
Check: Rd files
Result: NOTE checkRd: (-1) equivalence.xyplot.Rd:36: Lost braces in \itemize; meant \describe ? checkRd: (-1) equivalence.xyplot.Rd:37-38: Lost braces in \itemize; meant \describe ? checkRd: (-1) equivalence.xyplot.Rd:39-40: Lost braces in \itemize; meant \describe ? checkRd: (-1) equivalence.xyplot.Rd:41-43: Lost braces in \itemize; meant \describe ? checkRd: (-1) equivalence.xyplot.Rd:44-45: Lost braces in \itemize; meant \describe ? checkRd: (-1) equivalence.xyplot.Rd:46-47: Lost braces in \itemize; meant \describe ? checkRd: (-1) equivalence.xyplot.Rd:48-49: Lost braces in \itemize; meant \describe ? checkRd: (-1) equivalence.xyplot.Rd:50-51: Lost braces in \itemize; meant \describe ? checkRd: (-1) equivalence.xyplot.Rd:52-53: Lost braces in \itemize; meant \describe ? checkRd: (-1) equivalence.xyplot.Rd:54-57: Lost braces in \itemize; meant \describe ? checkRd: (-1) equivalence.xyplot.Rd:58-60: Lost braces in \itemize; meant \describe ? checkRd: (-1) equivalence.xyplot.Rd:61-63: Lost braces in \itemize; meant \describe ? checkRd: (-1) equivalence.xyplot.Rd:64-65: Lost braces in \itemize; meant \describe ? checkRd: (-1) rtost.Rd:7: Lost braces; missing escapes or markup? 7 | This function computes the TOST and key TOST quantities for the two one-sided test for equivalence [Schuirmann (1981) and Westlake (1981)], using the robust t-test of Yuen [Yuen and Dixon (1973), Yuen (1974)] in place of the standard Welch t test (t.test {stats}). The yuen t test makes no assumption of normality. The function computes the robust TOST for a sample of paired differences or for two samples. The function performs almost as well as the Welch t test when the population distribution is normal and is more robust than the Welch t test in the face of non-normality (e.g., distributions that are long-tailed, heteroscedastic, or contaminated by outliers)[Yuen and Dixon (1973), Yuen (1974)]. | ^ checkRd: (-1) rtost.Rd:23: Lost braces; missing escapes or markup? 23 | \details{The rtost function is wrapped around the yuen {PairedData} t test, a robust variant of the t test using trimmed means and winsorized variances. It provides tosts for the same range of designs, accepts the same arguments, and handles missing values the same way as tost {equivalence}. For the tost, the user must set epsilon, which is the magnitude of region similarity. Warning: with tr > 0.25 type I error control might be poor. | ^ checkRd: (-1) rtost.Rd:23: Lost braces; missing escapes or markup? 23 | \details{The rtost function is wrapped around the yuen {PairedData} t test, a robust variant of the t test using trimmed means and winsorized variances. It provides tosts for the same range of designs, accepts the same arguments, and handles missing values the same way as tost {equivalence}. For the tost, the user must set epsilon, which is the magnitude of region similarity. Warning: with tr > 0.25 type I error control might be poor. | ^ checkRd: (-1) rtost.Rd:60: Lost braces; missing escapes or markup? 60 | \note{This test is the tost for equivalence (tost {equivalence}) wrapped around the robust, trimmed mean, winsorized variance yuen.t.test (yuen {PairedData}).} | ^ checkRd: (-1) rtost.Rd:60: Lost braces; missing escapes or markup? 60 | \note{This test is the tost for equivalence (tost {equivalence}) wrapped around the robust, trimmed mean, winsorized variance yuen.t.test (yuen {PairedData}).} | ^ Flavors: r-devel-linux-x86_64-debian-clang, r-devel-linux-x86_64-debian-gcc, r-devel-linux-x86_64-fedora-clang, r-devel-linux-x86_64-fedora-gcc, r-devel-windows-x86_64, r-patched-linux-x86_64, r-release-linux-x86_64, r-release-macos-arm64, r-release-macos-x86_64, r-release-windows-x86_64

Version: 0.7.2
Check: compiled code
Result: NOTE File ‘equivalence/libs/equivalence.so’: Found no calls to: ‘R_registerRoutines’, ‘R_useDynamicSymbols’ It is good practice to register native routines and to disable symbol search. See ‘Writing portable packages’ in the ‘Writing R Extensions’ manual. Flavors: r-devel-linux-x86_64-fedora-clang, r-devel-linux-x86_64-fedora-gcc

Version: 0.7.2
Check: Rd cross-references
Result: NOTE Found the following Rd file(s) with Rd \link{} targets missing package anchors: equiv.boot.Rd: boot equivalence.xyplot.Rd: xyplot rtost.Rd: yuen.t.test Please provide package anchors for all Rd \link{} targets not in the package itself and the base packages. Flavor: r-devel-windows-x86_64