CRAN Package Check Results for Package epxToR

Last updated on 2024-06-13 05:59:03 CEST.

Flavor Version Tinstall Tcheck Ttotal Status Flags
r-devel-linux-x86_64-debian-clang 0.4-1 3.74 31.06 34.80 NOTE
r-devel-linux-x86_64-debian-gcc 0.4-1 2.41 24.17 26.58 NOTE
r-devel-linux-x86_64-fedora-clang 0.4-1 43.16 NOTE
r-devel-linux-x86_64-fedora-gcc 0.4-1 41.50 NOTE
r-devel-windows-x86_64 0.4-1 3.00 43.00 46.00 NOTE
r-patched-linux-x86_64 0.4-1 3.53 30.05 33.58 NOTE
r-release-linux-x86_64 0.4-1 2.76 30.72 33.48 NOTE
r-release-macos-arm64 0.4-1 18.00 NOTE
r-release-macos-x86_64 0.4-1 26.00 NOTE
r-release-windows-x86_64 0.4-1 4.00 45.00 49.00 NOTE
r-oldrel-macos-arm64 0.4-1 19.00 NOTE
r-oldrel-macos-x86_64 0.4-1 25.00 NOTE
r-oldrel-windows-x86_64 0.4-1 5.00 46.00 51.00 NOTE

Check Details

Version: 0.4-1
Check: LazyData
Result: NOTE 'LazyData' is specified without a 'data' directory Flavors: r-devel-linux-x86_64-debian-clang, r-devel-linux-x86_64-debian-gcc, r-devel-linux-x86_64-fedora-clang, r-devel-linux-x86_64-fedora-gcc, r-devel-windows-x86_64, r-patched-linux-x86_64, r-release-linux-x86_64, r-release-macos-arm64, r-release-macos-x86_64, r-release-windows-x86_64, r-oldrel-macos-arm64, r-oldrel-macos-x86_64, r-oldrel-windows-x86_64