CRAN Package Check Results for Package epiworldR

Last updated on 2024-06-17 06:50:16 CEST.

Flavor Version Tinstall Tcheck Ttotal Status Flags
r-devel-linux-x86_64-debian-clang 0.1-0 85.41 103.14 188.55 NOTE
r-devel-linux-x86_64-debian-gcc 0.1-0 77.79 62.01 139.80 NOTE
r-devel-linux-x86_64-fedora-clang 0.1-0 258.32 NOTE
r-devel-linux-x86_64-fedora-gcc 0.1-0 293.29 NOTE
r-devel-windows-x86_64 0.1-0 70.00 124.00 194.00 NOTE
r-patched-linux-x86_64 0.1-0 95.46 79.27 174.73 OK
r-release-linux-x86_64 0.1-0 92.40 79.26 171.66 OK
r-release-macos-arm64 0.1-0 101.00 NOTE
r-release-macos-x86_64 0.1-0 85.00 NOTE
r-release-windows-x86_64 0.1-0 71.00 124.00 195.00 OK
r-oldrel-macos-arm64 0.1-0 108.00 NOTE
r-oldrel-macos-x86_64 0.1-0 190.00 NOTE
r-oldrel-windows-x86_64 0.1-0 71.00 134.00 205.00 OK

Check Details

Version: 0.1-0
Check: compiled code
Result: NOTE File ‘epiworldR/libs/epiworldR.so’: Found non-API calls to R: ‘SETLENGTH’, ‘SET_TRUELENGTH’ Compiled code should not call non-API entry points in R. See ‘Writing portable packages’ in the ‘Writing R Extensions’ manual. Flavor: r-devel-linux-x86_64-debian-clang

Version: 0.1-0
Check: compiled code
Result: NOTE File ‘epiworldR/libs/epiworldR.so’: Found non-API calls to R: ‘SETLENGTH’, ‘SET_GROWABLE_BIT’, ‘SET_TRUELENGTH’ Compiled code should not call non-API entry points in R. See ‘Writing portable packages’ in the ‘Writing R Extensions’ manual. Flavors: r-devel-linux-x86_64-debian-gcc, r-devel-linux-x86_64-fedora-clang, r-devel-linux-x86_64-fedora-gcc

Version: 0.1-0
Check: compiled code
Result: NOTE File 'epiworldR/libs/x64/epiworldR.dll': Found non-API calls to R: 'SETLENGTH', 'SET_GROWABLE_BIT', 'SET_TRUELENGTH' Compiled code should not call non-API entry points in R. See 'Writing portable packages' in the 'Writing R Extensions' manual. Flavor: r-devel-windows-x86_64

Version: 0.1-0
Check: installed package size
Result: NOTE installed size is 13.2Mb sub-directories of 1Mb or more: libs 11.5Mb Flavors: r-release-macos-arm64, r-release-macos-x86_64, r-oldrel-macos-arm64, r-oldrel-macos-x86_64