CRAN Package Check Results for Package episcan

Last updated on 2024-06-21 17:58:09 CEST.

Flavor Version Tinstall Tcheck Ttotal Status Flags
r-devel-linux-x86_64-debian-clang 0.0.1 2.13 30.03 32.16 NOTE
r-devel-linux-x86_64-debian-gcc 0.0.1 1.96 23.03 24.99 NOTE
r-devel-linux-x86_64-fedora-clang 0.0.1 42.73 NOTE
r-devel-linux-x86_64-fedora-gcc 0.0.1 55.70 NOTE
r-devel-windows-x86_64 0.0.1 3.00 47.00 50.00 NOTE
r-patched-linux-x86_64 0.0.1 2.61 29.39 32.00 NOTE
r-release-linux-x86_64 0.0.1 2.27 28.98 31.25 NOTE
r-release-macos-arm64 0.0.1 25.00 NOTE
r-release-macos-x86_64 0.0.1 39.00 NOTE
r-release-windows-x86_64 0.0.1 4.00 47.00 51.00 NOTE
r-oldrel-macos-arm64 0.0.1 25.00 NOTE
r-oldrel-macos-x86_64 0.0.1 35.00 NOTE
r-oldrel-windows-x86_64 0.0.1 4.00 47.00 51.00 NOTE

Check Details

Version: 0.0.1
Check: LazyData
Result: NOTE 'LazyData' is specified without a 'data' directory Flavors: r-devel-linux-x86_64-debian-clang, r-devel-linux-x86_64-debian-gcc, r-devel-linux-x86_64-fedora-clang, r-devel-linux-x86_64-fedora-gcc, r-devel-windows-x86_64, r-patched-linux-x86_64, r-release-linux-x86_64, r-release-macos-arm64, r-release-macos-x86_64, r-release-windows-x86_64, r-oldrel-macos-arm64, r-oldrel-macos-x86_64, r-oldrel-windows-x86_64

Version: 0.0.1
Check: for non-standard things in the check directory
Result: NOTE Found the following files/directories: ‘episcan_1geno_cc.txt’ ‘episcan_1geno_quant.txt’ ‘episcan_2geno_cc.txt’ ‘episcan_2geno_quant.txt’ Flavors: r-devel-linux-x86_64-debian-clang, r-devel-linux-x86_64-debian-gcc, r-devel-linux-x86_64-fedora-clang, r-devel-linux-x86_64-fedora-gcc, r-patched-linux-x86_64, r-release-linux-x86_64