CRAN Package Check Results for Package eodhdR2

Last updated on 2025-01-25 19:48:43 CET.

Flavor Version Tinstall Tcheck Ttotal Status Flags
r-devel-linux-x86_64-debian-clang 0.5.1 2.06 21.84 23.90 NOTE
r-devel-linux-x86_64-debian-gcc 0.5.1 1.59 17.69 19.28 NOTE
r-devel-linux-x86_64-fedora-clang 0.5.1 38.65 OK
r-devel-linux-x86_64-fedora-gcc 0.5.1 38.11 NOTE
r-devel-windows-x86_64 0.5.1 4.00 51.00 55.00 OK
r-patched-linux-x86_64 0.5.1 2.12 20.72 22.84 OK
r-release-linux-x86_64 0.5.1 1.94 21.02 22.96 OK
r-release-macos-arm64 0.5.1 19.00 OK
r-release-macos-x86_64 0.5.1 28.00 OK
r-release-windows-x86_64 0.5.1 3.00 50.00 53.00 OK
r-oldrel-macos-arm64 0.5.1 22.00 OK
r-oldrel-macos-x86_64 0.5.1 34.00 OK
r-oldrel-windows-x86_64 0.5.1 3.00 52.00 55.00 OK

Check Details

Version: 0.5.1
Check: DESCRIPTION meta-information
Result: NOTE Missing dependency on R >= 4.1.0 because package code uses the pipe |> or function shorthand \(...) syntax added in R 4.1.0. File(s) using such syntax: ‘dividends.R’ ‘financials.R’ ‘ipos.R’ ‘news.R’ ‘prices.R’ ‘splits.R’ Flavors: r-devel-linux-x86_64-debian-clang, r-devel-linux-x86_64-debian-gcc, r-devel-linux-x86_64-fedora-gcc