CRAN Package Check Results for Package eoa3

Last updated on 2024-06-13 17:49:09 CEST.

Flavor Version Tinstall Tcheck Ttotal Status Flags
r-devel-linux-x86_64-debian-clang 1.0.0.1 2.72 34.36 37.08 OK
r-devel-linux-x86_64-debian-gcc 1.0.0.1 0.36 1.72 2.08 ERROR
r-devel-linux-x86_64-fedora-clang 1.0.0.1 48.25 OK
r-devel-linux-x86_64-fedora-gcc 1.0.0.1 44.38 OK
r-devel-windows-x86_64 1.0.0.1 4.00 48.00 52.00 OK
r-patched-linux-x86_64 1.0.0.1 8.03 33.81 41.84 OK
r-release-linux-x86_64 1.0.0.1 2.75 33.07 35.82 OK
r-release-macos-arm64 1.0.0.1 19.00 OK
r-release-macos-x86_64 1.0.0.1 28.00 OK
r-release-windows-x86_64 1.0.0.1 5.00 48.00 53.00 OK
r-oldrel-macos-arm64 1.0.0.1 20.00 OK
r-oldrel-macos-x86_64 1.0.0.1 37.00 OK
r-oldrel-windows-x86_64 1.0.0.1 6.00 52.00 58.00 OK

Check Details

Version: 1.0.0.1
Check: package dependencies
Result: ERROR Package required but not available: ‘GenEst’ See section ‘The DESCRIPTION file’ in the ‘Writing R Extensions’ manual. Flavor: r-devel-linux-x86_64-debian-gcc