CRAN Package Check Results for Package envvar

Last updated on 2024-06-12 17:57:15 CEST.

Flavor Version Tinstall Tcheck Ttotal Status Flags
r-devel-linux-x86_64-debian-clang 0.1.1 2.50 38.33 40.83 OK
r-devel-linux-x86_64-debian-gcc 0.1.1 0.37 1.53 1.90 ERROR
r-devel-linux-x86_64-fedora-clang 0.1.1 50.00 OK
r-devel-linux-x86_64-fedora-gcc 0.1.1 46.47 OK
r-devel-windows-x86_64 0.1.1 3.00 48.00 51.00 OK
r-patched-linux-x86_64 0.1.1 2.64 37.24 39.88 OK
r-release-linux-x86_64 0.1.1 2.00 37.35 39.35 OK
r-release-macos-arm64 0.1.1 20.00 OK
r-release-macos-x86_64 0.1.1 44.00 OK
r-release-windows-x86_64 0.1.1 3.00 48.00 51.00 OK
r-oldrel-macos-arm64 0.1.1 24.00 OK
r-oldrel-macos-x86_64 0.1.1 42.00 OK
r-oldrel-windows-x86_64 0.1.1 4.00 53.00 57.00 OK

Check Details

Version: 0.1.1
Check: package dependencies
Result: ERROR Package required but not available: ‘lubridate’ Packages suggested but not available for checking: 'httr2', 'ipaddress', 'testthat' See section ‘The DESCRIPTION file’ in the ‘Writing R Extensions’ manual. Flavor: r-devel-linux-x86_64-debian-gcc