CRAN Package Check Results for Package envnames

Last updated on 2024-06-13 17:49:09 CEST.

Flavor Version Tinstall Tcheck Ttotal Status Flags
r-devel-linux-x86_64-debian-clang 0.4.1 5.06 96.69 101.75 OK
r-devel-linux-x86_64-debian-gcc 0.4.1 3.65 41.30 44.95 ERROR
r-devel-linux-x86_64-fedora-clang 0.4.1 124.89 OK
r-devel-linux-x86_64-fedora-gcc 0.4.1 131.52 OK
r-devel-windows-x86_64 0.4.1 7.00 109.00 116.00 OK
r-patched-linux-x86_64 0.4.1 5.80 93.36 99.16 OK
r-release-linux-x86_64 0.4.1 4.65 94.03 98.68 OK
r-release-macos-arm64 0.4.1 44.00 OK
r-release-macos-x86_64 0.4.1 70.00 OK
r-release-windows-x86_64 0.4.1 6.00 110.00 116.00 OK
r-oldrel-macos-arm64 0.4.1 46.00 OK
r-oldrel-macos-x86_64 0.4.1 75.00 OK
r-oldrel-windows-x86_64 0.4.1 6.00 121.00 127.00 OK

Check Details

Version: 0.4.1
Check: package dependencies
Result: NOTE Package suggested but not available for checking: ‘testthat’ Flavor: r-devel-linux-x86_64-debian-gcc

Version: 0.4.1
Check: tests
Result: ERROR Running ‘testthat.R’ [0s/1s] Running the tests in ‘tests/testthat.R’ failed. Complete output: > library(testthat) Error in library(testthat) : there is no package called 'testthat' Execution halted Flavor: r-devel-linux-x86_64-debian-gcc