CRAN Package Check Results for Package encryptedRmd

Last updated on 2024-06-22 17:57:31 CEST.

Flavor Version Tinstall Tcheck Ttotal Status Flags
r-devel-linux-x86_64-debian-clang 0.2.1 2.19 23.61 25.80 NOTE
r-devel-linux-x86_64-debian-gcc 0.2.1 1.78 18.18 19.96 NOTE
r-devel-linux-x86_64-fedora-clang 0.2.1 32.26 NOTE
r-devel-linux-x86_64-fedora-gcc 0.2.1 30.35 NOTE
r-devel-windows-x86_64 0.2.1 4.00 38.00 42.00 NOTE
r-patched-linux-x86_64 0.2.1 2.35 21.65 24.00 NOTE
r-release-linux-x86_64 0.2.1 2.01 21.79 23.80 NOTE
r-release-macos-arm64 0.2.1 17.00 NOTE
r-release-macos-x86_64 0.2.1 27.00 NOTE
r-release-windows-x86_64 0.2.1 3.00 40.00 43.00 NOTE
r-oldrel-macos-arm64 0.2.1 17.00 NOTE
r-oldrel-macos-x86_64 0.2.1 19.00 NOTE
r-oldrel-windows-x86_64 0.2.1 3.00 40.00 43.00 NOTE

Check Details

Version: 0.2.1
Check: LazyData
Result: NOTE 'LazyData' is specified without a 'data' directory Flavors: r-devel-linux-x86_64-debian-clang, r-devel-linux-x86_64-debian-gcc, r-devel-linux-x86_64-fedora-clang, r-devel-linux-x86_64-fedora-gcc, r-devel-windows-x86_64, r-patched-linux-x86_64, r-release-linux-x86_64, r-release-macos-arm64, r-release-macos-x86_64, r-release-windows-x86_64, r-oldrel-macos-arm64, r-oldrel-macos-x86_64, r-oldrel-windows-x86_64