Last updated on 2025-01-24 07:49:16 CET.
Flavor | Version | Tinstall | Tcheck | Ttotal | Status | Flags |
---|---|---|---|---|---|---|
r-devel-linux-x86_64-debian-clang | 2.2.2 | 24.56 | 190.09 | 214.65 | NOTE | |
r-devel-linux-x86_64-debian-gcc | 2.2.2 | 16.80 | 129.51 | 146.31 | NOTE | |
r-devel-linux-x86_64-fedora-clang | 2.2.2 | 366.46 | OK | |||
r-devel-linux-x86_64-fedora-gcc | 2.2.2 | 340.57 | OK | |||
r-devel-windows-x86_64 | 2.2.2 | 27.00 | 177.00 | 204.00 | NOTE | |
r-patched-linux-x86_64 | 2.2.2 | 31.70 | 176.02 | 207.72 | OK | |
r-release-linux-x86_64 | 2.2.2 | 24.04 | 174.35 | 198.39 | OK | |
r-release-macos-arm64 | 2.2.2 | 104.00 | OK | |||
r-release-macos-x86_64 | 2.2.2 | 277.00 | OK | |||
r-release-windows-x86_64 | 2.2.2 | 25.00 | 174.00 | 199.00 | OK | |
r-oldrel-macos-arm64 | 2.2.2 | 109.00 | OK | |||
r-oldrel-macos-x86_64 | 2.2.2 | 229.00 | OK | |||
r-oldrel-windows-x86_64 | 2.2.2 | 31.00 | 230.00 | 261.00 | OK |
Version: 2.2.2
Check: Rd cross-references
Result: NOTE
Found the following Rd file(s) with Rd \link{} targets missing package
anchors:
write.excel.Rd: openxlsx
Please provide package anchors for all Rd \link{} targets not in the
package itself and the base packages.
Flavors: r-devel-linux-x86_64-debian-clang, r-devel-linux-x86_64-debian-gcc, r-devel-windows-x86_64