CRAN Package Check Results for Package eigenmodel

Last updated on 2024-06-16 05:52:52 CEST.

Flavor Version Tinstall Tcheck Ttotal Status Flags
r-devel-linux-x86_64-debian-clang 1.11 2.06 34.00 36.06 NOTE
r-devel-linux-x86_64-debian-gcc 1.11 2.20 26.20 28.40 NOTE
r-devel-linux-x86_64-fedora-clang 1.11 45.59 NOTE
r-devel-linux-x86_64-fedora-gcc 1.11 43.19 NOTE
r-devel-windows-x86_64 1.11 3.00 46.00 49.00 NOTE
r-patched-linux-x86_64 1.11 2.10 32.48 34.58 NOTE
r-release-linux-x86_64 1.11 2.56 32.51 35.07 NOTE
r-release-macos-arm64 1.11 17.00 NOTE
r-release-macos-x86_64 1.11 37.00 NOTE
r-release-windows-x86_64 1.11 3.00 46.00 49.00 NOTE
r-oldrel-macos-arm64 1.11 20.00 NOTE
r-oldrel-macos-x86_64 1.11 26.00 NOTE
r-oldrel-windows-x86_64 1.11 4.00 49.00 53.00 NOTE

Check Details

Version: 1.11
Check: package subdirectories
Result: NOTE Problems with news in ‘NEWS.md’: No news entries found. Flavors: r-devel-linux-x86_64-debian-clang, r-devel-linux-x86_64-debian-gcc, r-devel-linux-x86_64-fedora-clang, r-devel-linux-x86_64-fedora-gcc, r-devel-windows-x86_64, r-patched-linux-x86_64, r-release-linux-x86_64, r-release-macos-arm64, r-release-macos-x86_64, r-release-windows-x86_64, r-oldrel-macos-arm64, r-oldrel-macos-x86_64, r-oldrel-windows-x86_64