CRAN Package Check Results for Package eemdTDNN

Last updated on 2024-06-13 05:59:03 CEST.

Flavor Version Tinstall Tcheck Ttotal Status Flags
r-devel-linux-x86_64-debian-clang 0.1.0 7.80 65.56 73.36 OK
r-devel-linux-x86_64-debian-gcc 0.1.0 0.27 1.68 1.95 ERROR
r-devel-linux-x86_64-fedora-clang 0.1.0 93.77 OK
r-devel-linux-x86_64-fedora-gcc 0.1.0 84.39 OK
r-devel-windows-x86_64 0.1.0 7.00 65.00 72.00 OK
r-patched-linux-x86_64 0.1.0 8.02 61.81 69.83 OK
r-release-linux-x86_64 0.1.0 6.55 63.30 69.85 OK
r-release-macos-arm64 0.1.0 30.00 OK
r-release-macos-x86_64 0.1.0 41.00 OK
r-release-windows-x86_64 0.1.0 8.00 66.00 74.00 OK
r-oldrel-macos-arm64 0.1.0 30.00 OK
r-oldrel-macos-x86_64 0.1.0 45.00 OK
r-oldrel-windows-x86_64 0.1.0 11.00 74.00 85.00 OK

Additional issues

donttest

Check Details

Version: 0.1.0
Check: package dependencies
Result: ERROR Package required but not available: ‘forecast’ See section ‘The DESCRIPTION file’ in the ‘Writing R Extensions’ manual. Flavor: r-devel-linux-x86_64-debian-gcc