CRAN Package Check Results for Package edfReader

Last updated on 2024-06-13 17:49:09 CEST.

Flavor Version Tinstall Tcheck Ttotal Status Flags
r-devel-linux-x86_64-debian-clang 1.2.1 4.28 54.05 58.33 NOTE
r-devel-linux-x86_64-debian-gcc 1.2.1 3.88 29.84 33.72 ERROR
r-devel-linux-x86_64-fedora-clang 1.2.1 72.32 NOTE
r-devel-linux-x86_64-fedora-gcc 1.2.1 80.06 NOTE
r-devel-windows-x86_64 1.2.1 4.00 56.00 60.00 NOTE
r-patched-linux-x86_64 1.2.1 4.74 50.30 55.04 NOTE
r-release-linux-x86_64 1.2.1 3.99 51.45 55.44 NOTE
r-release-macos-arm64 1.2.1 30.00 NOTE
r-release-macos-x86_64 1.2.1 44.00 NOTE
r-release-windows-x86_64 1.2.1 4.00 58.00 62.00 NOTE
r-oldrel-macos-arm64 1.2.1 29.00 NOTE
r-oldrel-macos-x86_64 1.2.1 46.00 NOTE
r-oldrel-windows-x86_64 1.2.1 4.00 67.00 71.00 NOTE

Check Details

Version: 1.2.1
Check: LazyData
Result: NOTE 'LazyData' is specified without a 'data' directory Flavors: r-devel-linux-x86_64-debian-clang, r-devel-linux-x86_64-debian-gcc, r-devel-linux-x86_64-fedora-clang, r-devel-linux-x86_64-fedora-gcc, r-devel-windows-x86_64, r-patched-linux-x86_64, r-release-linux-x86_64, r-release-macos-arm64, r-release-macos-x86_64, r-release-windows-x86_64, r-oldrel-macos-arm64, r-oldrel-macos-x86_64, r-oldrel-windows-x86_64

Version: 1.2.1
Check: package dependencies
Result: NOTE Packages suggested but not available for checking: 'testthat', 'ggplot2' Flavor: r-devel-linux-x86_64-debian-gcc

Version: 1.2.1
Check: tests
Result: ERROR Running ‘testthat.R’ [0s/0s] Running the tests in ‘tests/testthat.R’ failed. Complete output: > library(testthat) Error in library(testthat) : there is no package called 'testthat' Execution halted Flavor: r-devel-linux-x86_64-debian-gcc