CRAN Package Check Results for Package edeaR

Last updated on 2024-06-12 17:57:14 CEST.

Flavor Version Tinstall Tcheck Ttotal Status Flags
r-devel-linux-x86_64-debian-clang 0.9.4 14.78 195.82 210.60 OK
r-devel-linux-x86_64-debian-gcc 0.9.4 0.60 1.76 2.36 ERROR
r-devel-linux-x86_64-fedora-clang 0.9.4 281.72 NOTE
r-devel-linux-x86_64-fedora-gcc 0.9.4 267.66 OK
r-devel-windows-x86_64 0.9.4 17.00 154.00 171.00 OK
r-patched-linux-x86_64 0.9.4 33.21 194.24 227.45 OK
r-release-linux-x86_64 0.9.4 13.14 193.62 206.76 OK
r-release-macos-arm64 0.9.4 77.00 OK
r-release-macos-x86_64 0.9.4 107.00 OK
r-release-windows-x86_64 0.9.4 20.00 152.00 172.00 OK
r-oldrel-macos-arm64 0.9.4 83.00 OK
r-oldrel-macos-x86_64 0.9.4 159.00 OK
r-oldrel-windows-x86_64 0.9.4 25.00 188.00 213.00 OK

Check Details

Version: 0.9.4
Check: package dependencies
Result: ERROR Packages required but not available: 'bupaR', 'dplyr', 'ggplot2', 'ggthemes', 'tibble', 'tidyr', 'lubridate', 'purrr', 'stringr', 'hms' Package suggested but not available for checking: ‘testthat’ See section ‘The DESCRIPTION file’ in the ‘Writing R Extensions’ manual. Flavor: r-devel-linux-x86_64-debian-gcc

Version: 0.9.4
Check: Rd cross-references
Result: NOTE Undeclared package ‘magrittr’ in Rd xrefs Flavor: r-devel-linux-x86_64-fedora-clang