CRAN Package Check Results for Package easyr

Last updated on 2024-06-14 05:58:21 CEST.

Flavor Version Tinstall Tcheck Ttotal Status Flags
r-devel-linux-x86_64-debian-clang 0.5-11 7.77 66.10 73.87 OK
r-devel-linux-x86_64-debian-gcc 0.5-11 0.38 1.75 2.13 ERROR
r-devel-linux-x86_64-fedora-clang 0.5-11 92.76 NOTE
r-devel-linux-x86_64-fedora-gcc 0.5-11 99.06 NOTE
r-devel-windows-x86_64 0.5-11 7.00 85.00 92.00 OK
r-patched-linux-x86_64 0.5-11 5.95 64.94 70.89 OK
r-release-linux-x86_64 0.5-11 3.91 62.99 66.90 OK
r-release-macos-arm64 0.5-11 38.00 OK
r-release-macos-x86_64 0.5-11 67.00 OK
r-release-windows-x86_64 0.5-11 8.00 84.00 92.00 OK
r-oldrel-macos-arm64 0.5-11 37.00 OK
r-oldrel-macos-x86_64 0.5-11 47.00 NOTE
r-oldrel-windows-x86_64 0.5-11 9.00 97.00 106.00 OK

Check Details

Version: 0.5-11
Check: package dependencies
Result: ERROR Packages required but not available: 'dplyr', 'Hmisc', 'lubridate', 'readxl', 'stringr' Packages suggested but not available for checking: 'testthat', 'readxlsb' See section ‘The DESCRIPTION file’ in the ‘Writing R Extensions’ manual. Flavor: r-devel-linux-x86_64-debian-gcc

Version: 0.5-11
Check: dependencies in R code
Result: NOTE Namespace in Imports field not imported from: ‘rprojroot’ All declared Imports should be used. Flavors: r-devel-linux-x86_64-fedora-clang, r-devel-linux-x86_64-fedora-gcc

Version: 0.5-11
Check: package dependencies
Result: NOTE Package suggested but not available for checking: ‘qs’ Flavor: r-oldrel-macos-x86_64