CRAN Package Check Results for Package eSIR

Last updated on 2024-06-18 05:57:36 CEST.

Flavor Version Tinstall Tcheck Ttotal Status Flags
r-devel-linux-x86_64-debian-clang 0.4.2 13.66 97.78 111.44 NOTE
r-devel-linux-x86_64-debian-gcc 0.4.2 9.33 68.78 78.11 NOTE
r-devel-linux-x86_64-fedora-clang 0.4.2 139.54 NOTE
r-devel-linux-x86_64-fedora-gcc 0.4.2 137.54 NOTE
r-devel-windows-x86_64 0.4.2 10.00 94.00 104.00 NOTE
r-patched-linux-x86_64 0.4.2 12.13 91.33 103.46 NOTE
r-release-linux-x86_64 0.4.2 11.45 91.92 103.37 NOTE
r-release-macos-arm64 0.4.2 36.00 NOTE
r-release-macos-x86_64 0.4.2 68.00 NOTE
r-release-windows-x86_64 0.4.2 11.00 97.00 108.00 NOTE
r-oldrel-macos-arm64 0.4.2 41.00 OK
r-oldrel-macos-x86_64 0.4.2 64.00 OK
r-oldrel-windows-x86_64 0.4.2 14.00 103.00 117.00 OK

Check Details

Version: 0.4.2
Check: Rd files
Result: NOTE checkRd: (-1) USA_state_N.Rd:10: Lost braces in \itemize; meant \describe ? checkRd: (-1) USA_state_N.Rd:11: Lost braces in \itemize; meant \describe ? checkRd: (-1) confirmed.Rd:10: Lost braces in \itemize; meant \describe ? checkRd: (-1) confirmed.Rd:11: Lost braces in \itemize; meant \describe ? checkRd: (-1) death.Rd:10: Lost braces in \itemize; meant \describe ? checkRd: (-1) death.Rd:11: Lost braces in \itemize; meant \describe ? checkRd: (-1) recovered.Rd:10: Lost braces in \itemize; meant \describe ? checkRd: (-1) recovered.Rd:11: Lost braces in \itemize; meant \describe ? Flavors: r-devel-linux-x86_64-debian-clang, r-devel-linux-x86_64-debian-gcc, r-devel-linux-x86_64-fedora-clang, r-devel-linux-x86_64-fedora-gcc, r-devel-windows-x86_64, r-patched-linux-x86_64, r-release-linux-x86_64, r-release-macos-arm64, r-release-macos-x86_64, r-release-windows-x86_64