CRAN Package Check Results for Package dyntaper

Last updated on 2024-06-22 17:57:31 CEST.

Flavor Version Tinstall Tcheck Ttotal Status Flags
r-devel-linux-x86_64-debian-clang 1.1 2.23 36.34 38.57 OK
r-devel-linux-x86_64-debian-gcc 1.1 1.53 28.28 29.81 OK
r-devel-linux-x86_64-fedora-clang 1.1 50.64 OK
r-devel-linux-x86_64-fedora-gcc 1.1 63.63 OK
r-devel-windows-x86_64 1.1 2.00 69.00 71.00 OK
r-patched-linux-x86_64 1.1 2.32 34.32 36.64 OK
r-release-linux-x86_64 1.1 1.64 34.18 35.82 OK
r-release-macos-arm64 1.1 24.00 OK
r-release-macos-x86_64 1.1 38.00 WARN
r-release-windows-x86_64 1.1 3.00 70.00 73.00 OK
r-oldrel-macos-arm64 1.1 28.00 OK
r-oldrel-macos-x86_64 1.1 38.00 OK
r-oldrel-windows-x86_64 1.1 3.00 65.00 68.00 OK

Check Details

Version: 1.1
Check: re-building of vignette outputs
Result: WARN Error(s) in re-building vignettes: ... --- re-building ‘dyntaper.Rnw’ using knitr Error: processing vignette 'dyntaper.Rnw' failed with diagnostics: Running 'texi2dvi' on 'dyntaper.tex' failed. LaTeX errors: ! Undefined control sequence. l.184 \hlkwd{curve}\hldef {(}\hlkwd{pmin}\hldef{(x,} \hlnum{1}\hldef{),} \hlk... ? ! Emergency stop. l.184 End of file on the terminal! ! ==> Fatal error occurred, no output PDF file produced! --- failed re-building ‘dyntaper.Rnw’ SUMMARY: processing the following file failed: ‘dyntaper.Rnw’ Error: Vignette re-building failed. Execution halted Flavor: r-release-macos-x86_64