CRAN Package Check Results for Package dyn.log

Last updated on 2024-07-20 18:57:29 CEST.

Flavor Version Tinstall Tcheck Ttotal Status Flags
r-devel-linux-x86_64-debian-clang 0.4.0 5.20 59.74 64.94 NOTE
r-devel-linux-x86_64-debian-gcc 0.4.0 3.33 45.17 48.50 NOTE
r-devel-linux-x86_64-fedora-clang 0.4.0 86.44 NOTE
r-devel-linux-x86_64-fedora-gcc 0.4.0 92.65 NOTE
r-devel-windows-x86_64 0.4.0 6.00 75.00 81.00 NOTE
r-patched-linux-x86_64 0.4.0 8.61 56.42 65.03 NOTE
r-release-linux-x86_64 0.4.0 5.44 57.32 62.76 NOTE
r-release-macos-arm64 0.4.0 38.00 NOTE
r-release-macos-x86_64 0.4.0 59.00 NOTE
r-release-windows-x86_64 0.4.0 6.00 74.00 80.00 NOTE
r-oldrel-macos-arm64 0.4.0 40.00 OK
r-oldrel-macos-x86_64 0.4.0 58.00 OK
r-oldrel-windows-x86_64 0.4.0 8.00 80.00 88.00 OK

Check Details

Version: 0.4.0
Check: Rd files
Result: NOTE checkRd: (-1) new_log_level.Rd:19: Lost braces; missing escapes or markup? 19 | \item{log_style}{is a {crayon::style()} that will colorize | ^ checkRd: (-1) new_log_level.Rd:22: Lost braces; missing escapes or markup? 22 | \item{msg_style}{is a {crayon::style()} style that will gray scale the | ^ checkRd: (-1) sys_context.Rd:22: Lost braces; missing escapes or markup? 22 | \item{"sysname"} : {The operating system name.} | ^ checkRd: (-1) sys_context.Rd:23: Lost braces; missing escapes or markup? 23 | \item{"release"} : {The OS release.} | ^ checkRd: (-1) sys_context.Rd:24: Lost braces; missing escapes or markup? 24 | \item{"version"} : {The OS version.} | ^ checkRd: (-1) sys_context.Rd:25: Lost braces; missing escapes or markup? 25 | \item{"nodename"} : {A name by which the machine is known on the network (if any).} | ^ checkRd: (-1) sys_context.Rd:26: Lost braces; missing escapes or markup? 26 | \item{"machine"} : {A concise description of the hardware, often the CPU type.} | ^ checkRd: (-1) sys_context.Rd:27: Lost braces; missing escapes or markup? 27 | \item{"login"} : {The user's login name, or "unknown" if it cannot be ascertained.} | ^ checkRd: (-1) sys_context.Rd:28: Lost braces; missing escapes or markup? 28 | \item{"user"} : {The name of the real user ID, or "unknown" if it cannot be ascertained.} | ^ checkRd: (-1) sys_context.Rd:29: Lost braces; missing escapes or markup? 29 | \item{"r-ver"} : {R Version in (major).(minor) format.} | ^ Flavors: r-devel-linux-x86_64-debian-clang, r-devel-linux-x86_64-debian-gcc, r-devel-linux-x86_64-fedora-clang, r-devel-linux-x86_64-fedora-gcc, r-devel-windows-x86_64, r-patched-linux-x86_64, r-release-linux-x86_64, r-release-macos-arm64, r-release-macos-x86_64, r-release-windows-x86_64

Version: 0.4.0
Check: Rd cross-references
Result: NOTE Found the following Rd file(s) with Rd \link{} targets missing package anchors: new_fmt_layout.Rd: crayon Please provide package anchors for all Rd \link{} targets not in the package itself and the base packages. Flavor: r-devel-windows-x86_64