CRAN Package Check Results for Package dupree

Last updated on 2024-06-17 17:57:05 CEST.

Flavor Version Tinstall Tcheck Ttotal Status Flags
r-devel-linux-x86_64-debian-clang 0.3.0 6.64 57.19 63.83 NOTE
r-devel-linux-x86_64-debian-gcc 0.3.0 5.36 42.72 48.08 NOTE
r-devel-linux-x86_64-fedora-clang 0.3.0 84.31 NOTE
r-devel-linux-x86_64-fedora-gcc 0.3.0 83.66 NOTE
r-devel-windows-x86_64 0.3.0 8.00 61.00 69.00 NOTE
r-patched-linux-x86_64 0.3.0 6.42 55.34 61.76 NOTE
r-release-linux-x86_64 0.3.0 5.93 53.98 59.91 NOTE
r-release-macos-arm64 0.3.0 27.00 NOTE
r-release-macos-x86_64 0.3.0 42.00 NOTE
r-release-windows-x86_64 0.3.0 7.00 62.00 69.00 NOTE
r-oldrel-macos-arm64 0.3.0 27.00 NOTE
r-oldrel-macos-x86_64 0.3.0 38.00 NOTE
r-oldrel-windows-x86_64 0.3.0 9.00 69.00 78.00 NOTE

Check Details

Version: 0.3.0
Check: LazyData
Result: NOTE 'LazyData' is specified without a 'data' directory Flavors: r-devel-linux-x86_64-debian-clang, r-devel-linux-x86_64-debian-gcc, r-devel-linux-x86_64-fedora-clang, r-devel-linux-x86_64-fedora-gcc, r-devel-windows-x86_64, r-patched-linux-x86_64, r-release-linux-x86_64, r-release-macos-arm64, r-release-macos-x86_64, r-release-windows-x86_64, r-oldrel-macos-arm64, r-oldrel-macos-x86_64, r-oldrel-windows-x86_64