CRAN Package Check Results for Package dunlin

Last updated on 2024-06-14 05:58:21 CEST.

Flavor Version Tinstall Tcheck Ttotal Status Flags
r-devel-linux-x86_64-debian-clang 0.1.7 5.81 65.25 71.06 OK
r-devel-linux-x86_64-debian-gcc 0.1.7 0.42 1.82 2.24 ERROR
r-devel-linux-x86_64-fedora-clang 0.1.7 91.67 OK
r-devel-linux-x86_64-fedora-gcc 0.1.7 97.50 OK
r-devel-windows-x86_64 0.1.7 6.00 78.00 84.00 OK
r-patched-linux-x86_64 0.1.7 5.26 61.79 67.05 OK
r-release-linux-x86_64 0.1.7 5.11 64.10 69.21 OK
r-release-macos-arm64 0.1.7 34.00 OK
r-release-macos-x86_64 0.1.7 55.00 OK
r-release-windows-x86_64 0.1.7 6.00 80.00 86.00 OK
r-oldrel-macos-arm64 0.1.7 45.00 OK
r-oldrel-macos-x86_64 0.1.7 77.00 OK
r-oldrel-windows-x86_64 0.1.7 9.00 85.00 94.00 OK

Check Details

Version: 0.1.7
Check: package dependencies
Result: ERROR Packages required but not available: 'dplyr', 'forcats', 'stringr', 'tibble' Package suggested but not available for checking: ‘testthat’ See section ‘The DESCRIPTION file’ in the ‘Writing R Extensions’ manual. Flavor: r-devel-linux-x86_64-debian-gcc