CRAN Package Check Results for Package duckduckr

Last updated on 2025-01-22 08:49:11 CET.

Flavor Version Tinstall Tcheck Ttotal Status Flags
r-devel-linux-x86_64-debian-clang 1.0.0 1.52 18.55 20.07 OK
r-devel-linux-x86_64-debian-gcc 1.0.0 1.25 15.43 16.68 OK
r-devel-linux-x86_64-fedora-clang 1.0.0 33.25 OK
r-devel-linux-x86_64-fedora-gcc 1.0.0 30.32 OK
r-devel-windows-x86_64 1.0.0 3.00 54.00 57.00 OK
r-patched-linux-x86_64 1.0.0 1.60 17.62 19.22 NOTE
r-release-linux-x86_64 1.0.0 1.45 17.75 19.20 NOTE
r-release-macos-arm64 1.0.0 16.00 NOTE
r-release-macos-x86_64 1.0.0 26.00 NOTE
r-release-windows-x86_64 1.0.0 3.00 47.00 50.00 NOTE
r-oldrel-macos-arm64 1.0.0 16.00 NOTE
r-oldrel-macos-x86_64 1.0.0 21.00 NOTE
r-oldrel-windows-x86_64 1.0.0 4.00 46.00 50.00 NOTE

Check Details

Version: 1.0.0
Check: LazyData
Result: NOTE 'LazyData' is specified without a 'data' directory Flavors: r-patched-linux-x86_64, r-release-linux-x86_64, r-release-macos-arm64, r-release-macos-x86_64, r-release-windows-x86_64, r-oldrel-macos-arm64, r-oldrel-macos-x86_64, r-oldrel-windows-x86_64