CRAN Package Check Results for Package duawranglr

Last updated on 2024-06-17 17:57:05 CEST.

Flavor Version Tinstall Tcheck Ttotal Status Flags
r-devel-linux-x86_64-debian-clang 0.6.7 3.26 39.13 42.39 OK
r-devel-linux-x86_64-debian-gcc 0.6.7 2.35 29.97 32.32 OK
r-devel-linux-x86_64-fedora-clang 0.6.7 55.72 NOTE
r-devel-linux-x86_64-fedora-gcc 0.6.7 69.30 NOTE
r-devel-windows-x86_64 0.6.7 3.00 53.00 56.00 OK
r-patched-linux-x86_64 0.6.7 3.49 38.46 41.95 OK
r-release-linux-x86_64 0.6.7 1.76 38.23 39.99 OK
r-release-macos-arm64 0.6.7 27.00 OK
r-release-macos-x86_64 0.6.7 41.00 OK
r-release-windows-x86_64 0.6.7 4.00 55.00 59.00 OK
r-oldrel-macos-arm64 0.6.7 30.00 OK
r-oldrel-macos-x86_64 0.6.7 41.00 OK
r-oldrel-windows-x86_64 0.6.7 4.00 57.00 61.00 OK

Check Details

Version: 0.6.7
Check: dependencies in R code
Result: NOTE Namespaces in Imports field not imported from: ‘digest’ ‘dplyr’ All declared Imports should be used. Flavors: r-devel-linux-x86_64-fedora-clang, r-devel-linux-x86_64-fedora-gcc