CRAN Package Check Results for Package dtwclust

Last updated on 2024-07-16 07:01:36 CEST.

Flavor Version Tinstall Tcheck Ttotal Status Flags
r-devel-linux-x86_64-debian-clang 5.5.12 205.17 410.43 615.60 NOTE
r-devel-linux-x86_64-debian-gcc 5.5.12 132.13 304.32 436.45 NOTE
r-devel-linux-x86_64-fedora-clang 5.5.12 867.28 NOTE
r-devel-linux-x86_64-fedora-gcc 5.5.12 834.70 NOTE
r-devel-windows-x86_64 5.5.12 178.00 305.00 483.00 NOTE
r-patched-linux-x86_64 5.5.12 161.34 396.34 557.68 NOTE
r-release-linux-x86_64 5.5.12 123.50 394.59 518.09 NOTE
r-release-macos-arm64 5.5.12 175.00 NOTE
r-release-macos-x86_64 5.5.12 300.00 WARN
r-release-windows-x86_64 5.5.12 176.00 298.00 474.00 NOTE
r-oldrel-macos-arm64 5.5.12 212.00 NOTE
r-oldrel-macos-x86_64 5.5.12 402.00 NOTE
r-oldrel-windows-x86_64 5.5.12 209.00 369.00 578.00 NOTE

Additional issues

Intel Intel

Check Details

Version: 5.5.12
Check: for GNU extensions in Makefiles
Result: NOTE GNU make is a SystemRequirements. Flavors: r-devel-linux-x86_64-debian-clang, r-devel-linux-x86_64-debian-gcc, r-devel-linux-x86_64-fedora-clang, r-devel-linux-x86_64-fedora-gcc, r-devel-windows-x86_64, r-patched-linux-x86_64, r-release-linux-x86_64, r-release-macos-arm64, r-release-macos-x86_64, r-release-windows-x86_64, r-oldrel-macos-arm64, r-oldrel-macos-x86_64, r-oldrel-windows-x86_64

Version: 5.5.12
Check: installed package size
Result: NOTE installed size is 9.0Mb sub-directories of 1Mb or more: doc 2.4Mb libs 5.3Mb Flavors: r-release-macos-arm64, r-release-macos-x86_64, r-oldrel-macos-arm64, r-oldrel-macos-x86_64

Version: 5.5.12
Check: re-building of vignette outputs
Result: WARN Error(s) in re-building vignettes: --- re-building ‘parallelization-considerations.Rmd’ using rmarkdown_notangle --- finished re-building ‘parallelization-considerations.Rmd’ --- re-building ‘timing-experiments.Rmd’ using rmarkdown_notangle --- finished re-building ‘timing-experiments.Rmd’ --- re-building ‘dtwclust.Rnw’ using knitr_notangle Error: processing vignette 'dtwclust.Rnw' failed with diagnostics: Running 'texi2dvi' on 'dtwclust.tex' failed. LaTeX errors: ! Undefined control sequence. l.1593 \hlkwd{library}\hldef {(}\hlsng{"dtwclust"}\hldef{)} ? ! Emergency stop. ! Emergency stop. l.1593 End of file on the terminal! ! ==> Fatal error occurred, no output PDF file produced! --- failed re-building ‘dtwclust.Rnw’ SUMMARY: processing the following file failed: ‘dtwclust.Rnw’ Error: Vignette re-building failed. Execution halted Flavor: r-release-macos-x86_64