CRAN Package Check Results for Package drpop

Last updated on 2024-06-13 05:59:02 CEST.

Flavor Version Tinstall Tcheck Ttotal Status Flags
r-devel-linux-x86_64-debian-clang 0.0.3 16.08 246.08 262.16 NOTE
r-devel-linux-x86_64-debian-gcc 0.0.3 0.37 1.72 2.09 ERROR
r-devel-linux-x86_64-fedora-clang 0.0.3 318.36 NOTE
r-devel-linux-x86_64-fedora-gcc 0.0.3 295.01 NOTE
r-devel-windows-x86_64 0.0.3 12.00 175.00 187.00 NOTE
r-patched-linux-x86_64 0.0.3 13.48 213.37 226.85 NOTE
r-release-linux-x86_64 0.0.3 12.99 262.80 275.79 NOTE
r-release-macos-arm64 0.0.3 87.00 NOTE
r-release-macos-x86_64 0.0.3 134.00 NOTE
r-release-windows-x86_64 0.0.3 13.00 175.00 188.00 NOTE
r-oldrel-macos-arm64 0.0.3 88.00 OK
r-oldrel-macos-x86_64 0.0.3 166.00 OK
r-oldrel-windows-x86_64 0.0.3 16.00 207.00 223.00 OK

Check Details

Version: 0.0.3
Check: Rd files
Result: NOTE checkRd: (-1) popsize.Rd:70: Lost braces in \itemize; \value handles \item{}{} directly checkRd: (-1) popsize.Rd:71: Lost braces in \itemize; \value handles \item{}{} directly checkRd: (-1) popsize.Rd:72: Lost braces in \itemize; \value handles \item{}{} directly checkRd: (-1) popsize.Rd:73: Lost braces in \itemize; \value handles \item{}{} directly checkRd: (-1) popsize.Rd:74: Lost braces in \itemize; \value handles \item{}{} directly checkRd: (-1) popsize.Rd:75: Lost braces in \itemize; \value handles \item{}{} directly checkRd: (-1) popsize_cond.Rd:52: Lost braces in \itemize; \value handles \item{}{} directly checkRd: (-1) popsize_cond.Rd:53: Lost braces in \itemize; \value handles \item{}{} directly checkRd: (-1) popsize_cond.Rd:54: Lost braces in \itemize; \value handles \item{}{} directly checkRd: (-1) popsize_cond.Rd:55: Lost braces in \itemize; \value handles \item{}{} directly checkRd: (-1) popsize_cond.Rd:56: Lost braces in \itemize; \value handles \item{}{} directly checkRd: (-1) popsize_cond.Rd:57: Lost braces in \itemize; \value handles \item{}{} directly Flavors: r-devel-linux-x86_64-debian-clang, r-devel-linux-x86_64-fedora-clang, r-devel-linux-x86_64-fedora-gcc, r-devel-windows-x86_64, r-patched-linux-x86_64, r-release-linux-x86_64, r-release-macos-arm64, r-release-macos-x86_64, r-release-windows-x86_64

Version: 0.0.3
Check: package dependencies
Result: ERROR Packages required but not available: 'janitor', 'reshape2', 'stringr', 'tidyr', 'dplyr', 'ggplot2' Package suggested but not available for checking: ‘testthat’ See section ‘The DESCRIPTION file’ in the ‘Writing R Extensions’ manual. Flavor: r-devel-linux-x86_64-debian-gcc