CRAN Package Check Results for Package drape

Last updated on 2024-06-13 05:59:02 CEST.

Flavor Version Tinstall Tcheck Ttotal Status Flags
r-devel-linux-x86_64-debian-clang 0.0.1 3.28 60.43 63.71 NOTE
r-devel-linux-x86_64-debian-gcc 0.0.1 2.89 31.47 34.36 ERROR
r-devel-linux-x86_64-fedora-clang 0.0.1 88.63 NOTE
r-devel-linux-x86_64-fedora-gcc 0.0.1 94.05 NOTE
r-devel-windows-x86_64 0.0.1 4.00 68.00 72.00 NOTE
r-patched-linux-x86_64 0.0.1 2.56 63.59 66.15 NOTE
r-release-linux-x86_64 0.0.1 3.22 62.29 65.51 NOTE
r-release-macos-arm64 0.0.1 34.00 NOTE
r-release-macos-x86_64 0.0.1 52.00 NOTE
r-release-windows-x86_64 0.0.1 4.00 73.00 77.00 NOTE
r-oldrel-macos-arm64 0.0.1 48.00 OK
r-oldrel-macos-x86_64 0.0.1 118.00 OK
r-oldrel-windows-x86_64 0.0.1 5.00 73.00 78.00 OK

Check Details

Version: 0.0.1
Check: Rd files
Result: NOTE checkRd: (-1) simulate_data.Rd:27: Lost braces; missing escapes or markup? 27 | Z ~ N_{9}(0,Sigma), | ^ checkRd: (-1) simulate_data.Rd:28: Lost braces; missing escapes or markup? 28 | where Sigma_{jj} = 1, Sigma_{jk} = corr for all j not equal to k. | ^ checkRd: (-1) simulate_data.Rd:28: Lost braces; missing escapes or markup? 28 | where Sigma_{jj} = 1, Sigma_{jk} = corr for all j not equal to k. | ^ checkRd: (-1) z_correlated_normal.Rd:5: Lost braces; missing escapes or markup? 5 | \title{Generate n copies of Z ~ N_{p}(0,Sigma), where Sigma_{jj} = 1, Sigma_{jk} = corr for all j not equal to k.} | ^ checkRd: (-1) z_correlated_normal.Rd:5: Lost braces; missing escapes or markup? 5 | \title{Generate n copies of Z ~ N_{p}(0,Sigma), where Sigma_{jj} = 1, Sigma_{jk} = corr for all j not equal to k.} | ^ checkRd: (-1) z_correlated_normal.Rd:5: Lost braces; missing escapes or markup? 5 | \title{Generate n copies of Z ~ N_{p}(0,Sigma), where Sigma_{jj} = 1, Sigma_{jk} = corr for all j not equal to k.} | ^ checkRd: (-1) z_correlated_normal.Rd:20: Lost braces; missing escapes or markup? 20 | Generate n copies of Z ~ N_{p}(0,Sigma), where Sigma_{jj} = 1, Sigma_{jk} = corr for all j not equal to k. | ^ checkRd: (-1) z_correlated_normal.Rd:20: Lost braces; missing escapes or markup? 20 | Generate n copies of Z ~ N_{p}(0,Sigma), where Sigma_{jj} = 1, Sigma_{jk} = corr for all j not equal to k. | ^ checkRd: (-1) z_correlated_normal.Rd:20: Lost braces; missing escapes or markup? 20 | Generate n copies of Z ~ N_{p}(0,Sigma), where Sigma_{jj} = 1, Sigma_{jk} = corr for all j not equal to k. | ^ Flavors: r-devel-linux-x86_64-debian-clang, r-devel-linux-x86_64-debian-gcc, r-devel-linux-x86_64-fedora-clang, r-devel-linux-x86_64-fedora-gcc, r-devel-windows-x86_64, r-patched-linux-x86_64, r-release-linux-x86_64, r-release-macos-arm64, r-release-macos-x86_64, r-release-windows-x86_64

Version: 0.0.1
Check: package dependencies
Result: NOTE Package suggested but not available for checking: ‘testthat’ Flavor: r-devel-linux-x86_64-debian-gcc

Version: 0.0.1
Check: tests
Result: ERROR Running ‘testthat.R’ [0s/1s] Running the tests in ‘tests/testthat.R’ failed. Complete output: > library(testthat) Error in library(testthat) : there is no package called 'testthat' Execution halted Flavor: r-devel-linux-x86_64-debian-gcc