CRAN Package Check Results for Package doex

Last updated on 2024-06-21 05:58:03 CEST.

Flavor Version Tinstall Tcheck Ttotal Status Flags
r-devel-linux-x86_64-debian-clang 1.2 3.57 41.38 44.95 NOTE
r-devel-linux-x86_64-debian-gcc 1.2 3.28 30.25 33.53 NOTE
r-devel-linux-x86_64-fedora-clang 1.2 56.22 NOTE
r-devel-linux-x86_64-fedora-gcc 1.2 58.01 NOTE
r-devel-windows-x86_64 1.2 6.00 55.00 61.00 NOTE
r-patched-linux-x86_64 1.2 4.60 40.95 45.55 NOTE
r-release-linux-x86_64 1.2 4.09 40.97 45.06 NOTE
r-release-macos-arm64 1.2 18.00 NOTE
r-release-macos-x86_64 1.2 29.00 NOTE
r-release-windows-x86_64 1.2 6.00 56.00 62.00 NOTE
r-oldrel-macos-arm64 1.2 21.00 NOTE
r-oldrel-macos-x86_64 1.2 30.00 NOTE
r-oldrel-windows-x86_64 1.2 8.00 56.00 64.00 NOTE

Check Details

Version: 1.2
Check: LazyData
Result: NOTE 'LazyData' is specified without a 'data' directory Flavors: r-devel-linux-x86_64-debian-clang, r-devel-linux-x86_64-debian-gcc, r-devel-linux-x86_64-fedora-clang, r-devel-linux-x86_64-fedora-gcc, r-devel-windows-x86_64, r-patched-linux-x86_64, r-release-linux-x86_64, r-release-macos-arm64, r-release-macos-x86_64, r-release-windows-x86_64, r-oldrel-macos-arm64, r-oldrel-macos-x86_64, r-oldrel-windows-x86_64