Last updated on 2025-01-21 07:49:11 CET.
Flavor | Version | Tinstall | Tcheck | Ttotal | Status | Flags |
---|---|---|---|---|---|---|
r-devel-linux-x86_64-debian-clang | 0.4.1 | 126.27 | 264.26 | 390.53 | OK | |
r-devel-linux-x86_64-debian-gcc | 0.4.1 | 101.13 | 189.48 | 290.61 | OK | |
r-devel-linux-x86_64-fedora-clang | 0.4.1 | 671.05 | OK | |||
r-devel-linux-x86_64-fedora-gcc | 0.4.1 | 723.37 | OK | |||
r-devel-windows-x86_64 | 0.4.1 | 149.00 | 271.00 | 420.00 | OK | |
r-patched-linux-x86_64 | 0.4.1 | 146.10 | 249.96 | 396.06 | NOTE | |
r-release-linux-x86_64 | 0.4.1 | 143.63 | 255.04 | 398.67 | NOTE | |
r-release-macos-arm64 | 0.4.1 | 204.00 | NOTE | |||
r-release-macos-x86_64 | 0.4.1 | 360.00 | NOTE | |||
r-release-windows-x86_64 | 0.4.1 | 156.00 | 260.00 | 416.00 | NOTE | |
r-oldrel-macos-arm64 | 0.4.1 | 233.00 | NOTE | |||
r-oldrel-macos-x86_64 | 0.4.1 | 329.00 | NOTE | |||
r-oldrel-windows-x86_64 | 0.4.1 | 165.00 | 318.00 | 483.00 | NOTE |
Version: 0.4.1
Check: for GNU extensions in Makefiles
Result: NOTE
GNU make is a SystemRequirements.
Flavors: r-patched-linux-x86_64, r-release-linux-x86_64, r-release-macos-arm64, r-release-macos-x86_64, r-release-windows-x86_64, r-oldrel-macos-arm64, r-oldrel-macos-x86_64, r-oldrel-windows-x86_64
Version: 0.4.1
Check: installed package size
Result: NOTE
installed size is 20.1Mb
sub-directories of 1Mb or more:
doc 6.7Mb
libs 12.7Mb
Flavors: r-release-macos-arm64, r-release-macos-x86_64, r-release-windows-x86_64, r-oldrel-macos-arm64, r-oldrel-macos-x86_64, r-oldrel-windows-x86_64