CRAN Package Check Results for Package dockerfiler

Last updated on 2024-06-13 17:49:08 CEST.

Flavor Version Tinstall Tcheck Ttotal Status Flags
r-devel-linux-x86_64-debian-clang 0.2.2 4.72 74.72 79.44 OK
r-devel-linux-x86_64-debian-gcc 0.2.2 0.34 1.87 2.21 ERROR
r-devel-linux-x86_64-fedora-clang 0.2.2 100.79 OK
r-devel-linux-x86_64-fedora-gcc 0.2.2 123.70 OK
r-devel-windows-x86_64 0.2.2 6.00 102.00 108.00 OK
r-patched-linux-x86_64 0.2.2 6.30 74.44 80.74 OK
r-release-linux-x86_64 0.2.2 6.48 74.45 80.93 OK
r-release-macos-arm64 0.2.2 71.00 OK
r-release-macos-x86_64 0.2.2 99.00 OK
r-release-windows-x86_64 0.2.2 8.00 104.00 112.00 OK
r-oldrel-macos-arm64 0.2.2 69.00 OK
r-oldrel-macos-x86_64 0.2.2 125.00 OK
r-oldrel-windows-x86_64 0.2.2 8.00 111.00 119.00 OK

Check Details

Version: 0.2.2
Check: package dependencies
Result: ERROR Package required but not available: ‘usethis’ Package suggested but not available for checking: ‘testthat’ See section ‘The DESCRIPTION file’ in the ‘Writing R Extensions’ manual. Flavor: r-devel-linux-x86_64-debian-gcc