CRAN Package Check Results for Package dml

Last updated on 2024-06-19 06:58:00 CEST.

Flavor Version Tinstall Tcheck Ttotal Status Flags
r-devel-linux-x86_64-debian-clang 1.1.0 9.54 89.21 98.75 NOTE
r-devel-linux-x86_64-debian-gcc 1.1.0 6.75 64.35 71.10 NOTE
r-devel-linux-x86_64-fedora-clang 1.1.0 116.93 NOTE
r-devel-linux-x86_64-fedora-gcc 1.1.0 122.73 NOTE
r-devel-windows-x86_64 1.1.0 8.00 77.00 85.00 NOTE
r-patched-linux-x86_64 1.1.0 7.17 84.98 92.15 NOTE
r-release-linux-x86_64 1.1.0 7.05 84.72 91.77 NOTE
r-release-macos-arm64 1.1.0 32.00 NOTE
r-release-macos-x86_64 1.1.0 51.00 NOTE
r-release-windows-x86_64 1.1.0 7.00 81.00 88.00 NOTE
r-oldrel-macos-arm64 1.1.0 37.00 OK
r-oldrel-macos-x86_64 1.1.0 63.00 OK
r-oldrel-windows-x86_64 1.1.0 10.00 94.00 104.00 OK

Check Details

Version: 1.1.0
Check: Rd files
Result: NOTE checkRd: (-1) dca.Rd:24: Lost braces; missing escapes or markup? 24 | \eqn{neglinks_{ij} = 1} means chunklet \code{i} and chunklet {j} | ^ checkRd: (-1) dca.Rd:26: Lost braces; missing escapes or markup? 26 | \eqn{neglinks_{ij} = 0} means chunklet \code{i} and chunklet {j} | ^ checkRd: (-1) rca.Rd:57: Lost braces; missing escapes or markup? 57 | e.g. {1, 3, 7} and {4, 6}, might belong to the | ^ checkRd: (-1) rca.Rd:57: Lost braces; missing escapes or markup? 57 | e.g. {1, 3, 7} and {4, 6}, might belong to the | ^ Flavors: r-devel-linux-x86_64-debian-clang, r-devel-linux-x86_64-debian-gcc, r-devel-linux-x86_64-fedora-clang, r-devel-linux-x86_64-fedora-gcc, r-devel-windows-x86_64, r-patched-linux-x86_64, r-release-linux-x86_64, r-release-macos-arm64, r-release-macos-x86_64, r-release-windows-x86_64