CRAN Package Check Results for Package dma

Last updated on 2024-06-13 05:59:02 CEST.

Flavor Version Tinstall Tcheck Ttotal Status Flags
r-devel-linux-x86_64-debian-clang 1.4-0 2.69 38.24 40.93 NOTE
r-devel-linux-x86_64-debian-gcc 1.4-0 1.88 24.91 26.79 ERROR
r-devel-linux-x86_64-fedora-clang 1.4-0 51.47 NOTE
r-devel-linux-x86_64-fedora-gcc 1.4-0 47.53 NOTE
r-devel-windows-x86_64 1.4-0 4.00 52.00 56.00 NOTE
r-patched-linux-x86_64 1.4-0 2.86 37.72 40.58 NOTE
r-release-linux-x86_64 1.4-0 2.98 36.10 39.08 NOTE
r-release-macos-arm64 1.4-0 19.00 NOTE
r-release-macos-x86_64 1.4-0 36.00 NOTE
r-release-windows-x86_64 1.4-0 3.00 54.00 57.00 NOTE
r-oldrel-macos-arm64 1.4-0 22.00 OK
r-oldrel-macos-x86_64 1.4-0 28.00 OK
r-oldrel-windows-x86_64 1.4-0 4.00 55.00 59.00 OK

Check Details

Version: 1.4-0
Check: Rd files
Result: NOTE checkRd: (-1) dma.Rd:47: Lost braces; missing escapes or markup? 47 | When y_t is controlled, only y_{t-delay-1} and before | ^ checkRd: (-1) dma.Rd:64: Lost braces; missing escapes or markup? 64 | estimate of theta_{j-1} for model k at t} | ^ checkRd: (-1) dma.Rd:66: Lost braces; missing escapes or markup? 66 | variance of theta_{j-1} for model k at t} | ^ checkRd: (-1) dma.Rd:68: Lost braces; missing escapes or markup? 68 | estimate of theta_{j-1} at t} | ^ checkRd: (-1) dma.Rd:70: Lost braces; missing escapes or markup? 70 | variance of thetahat_{j-1} at t} | ^ Flavors: r-devel-linux-x86_64-debian-clang, r-devel-linux-x86_64-debian-gcc, r-devel-linux-x86_64-fedora-clang, r-devel-linux-x86_64-fedora-gcc, r-devel-windows-x86_64, r-patched-linux-x86_64, r-release-linux-x86_64, r-release-macos-arm64, r-release-macos-x86_64, r-release-windows-x86_64

Version: 1.4-0
Check: package dependencies
Result: NOTE Package suggested but not available for checking: ‘testthat’ Flavor: r-devel-linux-x86_64-debian-gcc

Version: 1.4-0
Check: tests
Result: ERROR Running ‘testthat.R’ [0s/0s] Running the tests in ‘tests/testthat.R’ failed. Complete output: > library(testthat) Error in library(testthat) : there is no package called 'testthat' Execution halted Flavor: r-devel-linux-x86_64-debian-gcc