CRAN Package Check Results for Package divvy

Last updated on 2024-06-14 05:58:20 CEST.

Flavor Version Tinstall Tcheck Ttotal Status Flags
r-devel-linux-x86_64-debian-clang 1.0.0 4.25 339.45 343.70 OK
r-devel-linux-x86_64-debian-gcc 1.0.0 0.51 1.73 2.24 ERROR
r-devel-linux-x86_64-fedora-clang 1.0.0 428.84 NOTE
r-devel-linux-x86_64-fedora-gcc 1.0.0 433.33 OK
r-devel-windows-x86_64 1.0.0 5.00 333.00 338.00 OK
r-patched-linux-x86_64 1.0.0 3.57 322.11 325.68 OK
r-release-linux-x86_64 1.0.0 3.91 327.71 331.62 OK
r-release-macos-arm64 1.0.0 121.00 OK
r-release-macos-x86_64 1.0.0 200.00 OK
r-release-windows-x86_64 1.0.0 6.00 341.00 347.00 OK
r-oldrel-macos-arm64 1.0.0 122.00 OK
r-oldrel-macos-x86_64 1.0.0 259.00 OK
r-oldrel-windows-x86_64 1.0.0 5.00 360.00 365.00 OK

Check Details

Version: 1.0.0
Check: package dependencies
Result: ERROR Package required but not available: ‘iNEXT’ Packages suggested but not available for checking: 'ggplot2', 'testthat' See section ‘The DESCRIPTION file’ in the ‘Writing R Extensions’ manual. Flavor: r-devel-linux-x86_64-debian-gcc

Version: 1.0.0
Check: Rd cross-references
Result: NOTE Undeclared package ‘palaeoverse’ in Rd xrefs Flavor: r-devel-linux-x86_64-fedora-clang