CRAN Package Check Results for Package dirichletprocess

Last updated on 2024-06-14 05:58:20 CEST.

Flavor Version Tinstall Tcheck Ttotal Status Flags
r-devel-linux-x86_64-debian-clang 0.4.2 6.46 134.53 140.99 OK
r-devel-linux-x86_64-debian-gcc 0.4.2 0.39 1.75 2.14 ERROR
r-devel-linux-x86_64-fedora-clang 0.4.2 169.49 OK
r-devel-linux-x86_64-fedora-gcc 0.4.2 173.48 OK
r-devel-windows-x86_64 0.4.2 6.00 133.00 139.00 OK
r-patched-linux-x86_64 0.4.2 6.57 129.24 135.81 OK
r-release-linux-x86_64 0.4.2 5.60 131.57 137.17 OK
r-release-macos-arm64 0.4.2 53.00 OK
r-release-macos-x86_64 0.4.2 107.00 OK
r-release-windows-x86_64 0.4.2 7.00 134.00 141.00 OK
r-oldrel-macos-arm64 0.4.2 57.00 OK
r-oldrel-macos-x86_64 0.4.2 122.00 OK
r-oldrel-windows-x86_64 0.4.2 8.00 149.00 157.00 OK

Check Details

Version: 0.4.2
Check: package dependencies
Result: ERROR Package required but not available: ‘ggplot2’ Packages suggested but not available for checking: 'testthat', 'tidyr', 'dplyr' See section ‘The DESCRIPTION file’ in the ‘Writing R Extensions’ manual. Flavor: r-devel-linux-x86_64-debian-gcc