CRAN Package Check Results for Package diffdf

Last updated on 2024-07-24 18:53:49 CEST.

Flavor Version Tinstall Tcheck Ttotal Status Flags
r-devel-linux-x86_64-debian-clang 1.0.4 5.81 71.29 77.10 NOTE
r-devel-linux-x86_64-debian-gcc 1.0.4 3.86 52.97 56.83 NOTE
r-devel-linux-x86_64-fedora-clang 1.0.4 93.86 NOTE
r-devel-linux-x86_64-fedora-gcc 1.0.4 100.43 NOTE
r-devel-windows-x86_64 1.0.4 6.00 75.00 81.00 NOTE
r-patched-linux-x86_64 1.0.4 4.64 68.30 72.94 NOTE
r-release-linux-x86_64 1.0.4 5.22 67.79 73.01 NOTE
r-release-macos-arm64 1.0.4 34.00 NOTE
r-release-macos-x86_64 1.0.4 61.00 NOTE
r-release-windows-x86_64 1.0.4 5.00 73.00 78.00 NOTE
r-oldrel-macos-arm64 1.0.4 35.00 NOTE
r-oldrel-macos-x86_64 1.0.4 58.00 NOTE
r-oldrel-windows-x86_64 1.0.4 7.00 84.00 91.00 NOTE

Check Details

Version: 1.0.4
Check: LazyData
Result: NOTE 'LazyData' is specified without a 'data' directory Flavors: r-devel-linux-x86_64-debian-clang, r-devel-linux-x86_64-debian-gcc, r-devel-linux-x86_64-fedora-clang, r-devel-linux-x86_64-fedora-gcc, r-devel-windows-x86_64, r-patched-linux-x86_64, r-release-linux-x86_64, r-release-macos-arm64, r-release-macos-x86_64, r-release-windows-x86_64, r-oldrel-macos-arm64, r-oldrel-macos-x86_64, r-oldrel-windows-x86_64